{"id":5753,"date":"2024-01-23T07:44:32","date_gmt":"2024-01-23T07:44:32","guid":{"rendered":"http:\/\/www.rozalia-zagnansk.pl\/?page_id=5753"},"modified":"2024-05-11T15:16:16","modified_gmt":"2024-05-11T15:16:16","slug":"15-obietnic","status":"publish","type":"page","link":"https:\/\/www.rozalia-zagnansk.pl\/?page_id=5753","title":{"rendered":"15 obietnic Matki Bo\u017cej dla odmawiaj\u0105cych r\u00f3\u017caniec:"},"content":{"rendered":"\t\t<div data-elementor-type=\"wp-page\" data-elementor-id=\"5753\" class=\"elementor elementor-5753\" data-elementor-post-type=\"page\">\n\t\t\t\t\t\t<section class=\"elementor-section elementor-top-section elementor-element elementor-element-793d451b elementor-section-stretched elementor-section-boxed elementor-section-height-default elementor-section-height-default\" data-id=\"793d451b\" data-element_type=\"section\" data-settings=\"{&quot;stretch_section&quot;:&quot;section-stretched&quot;}\">\n\t\t\t\t\t\t<div class=\"elementor-container elementor-column-gap-default\">\n\t\t\t\t\t<div class=\"elementor-column elementor-col-100 elementor-top-column elementor-element elementor-element-56ca65ec\" data-id=\"56ca65ec\" data-element_type=\"column\">\n\t\t\t<div class=\"elementor-widget-wrap elementor-element-populated\">\n\t\t\t\t\t\t<div class=\"elementor-element elementor-element-5c32ca30 elementor-widget elementor-widget-heading\" data-id=\"5c32ca30\" data-element_type=\"widget\" data-widget_type=\"heading.default\">\n\t\t\t\t<div class=\"elementor-widget-container\">\n\t\t\t\t\t<h2 class=\"elementor-heading-title elementor-size-default\">M\u0119ski \u017bywy R\u00f3\u017caniec<\/h2>\t\t\t\t<\/div>\n\t\t\t\t<\/div>\n\t\t\t\t<div class=\"elementor-element elementor-element-288f0706 elementor-widget elementor-widget-html\" data-id=\"288f0706\" data-element_type=\"widget\" data-widget_type=\"html.default\">\n\t\t\t\t<div class=\"elementor-widget-container\">\n\t\t\t\t\t<style>\n.page-wrap {\n    padding: 0px !important\n}\n\n.nav-mzr .elementor-row {\n    flex-wrap: wrap;\n}\n\n.nav-mzr .elementor-column {\n    flex: 1 1 25%;\n}\n<\/style>\t\t\t\t<\/div>\n\t\t\t\t<\/div>\n\t\t\t\t<section class=\"elementor-section elementor-inner-section elementor-element elementor-element-755328 nav-mzr elementor-section-boxed elementor-section-height-default elementor-section-height-default\" data-id=\"755328\" data-element_type=\"section\">\n\t\t\t\t\t\t<div class=\"elementor-container elementor-column-gap-default\">\n\t\t\t\t\t<div class=\"elementor-column elementor-col-14 elementor-inner-column elementor-element elementor-element-c72255c\" data-id=\"c72255c\" data-element_type=\"column\" data-settings=\"{&quot;background_background&quot;:&quot;classic&quot;}\">\n\t\t\t<div class=\"elementor-widget-wrap elementor-element-populated\">\n\t\t\t\t\t\t<div class=\"elementor-element elementor-element-434d078c elementor-widget elementor-widget-heading\" data-id=\"434d078c\" data-element_type=\"widget\" data-widget_type=\"heading.default\">\n\t\t\t\t<div class=\"elementor-widget-container\">\n\t\t\t\t\t<h4 class=\"elementor-heading-title elementor-size-default\"><a href=\"https:\/\/www.rozalia-zagnansk.pl\/?page_id=5748\">O nas<\/a><\/h4>\t\t\t\t<\/div>\n\t\t\t\t<\/div>\n\t\t\t\t\t<\/div>\n\t\t<\/div>\n\t\t\t\t<div class=\"elementor-column elementor-col-14 elementor-inner-column elementor-element elementor-element-82ca6c0\" data-id=\"82ca6c0\" data-element_type=\"column\" data-settings=\"{&quot;background_background&quot;:&quot;classic&quot;}\">\n\t\t\t<div class=\"elementor-widget-wrap elementor-element-populated\">\n\t\t\t\t\t\t<div class=\"elementor-element elementor-element-2a8fb68b elementor-widget elementor-widget-heading\" data-id=\"2a8fb68b\" data-element_type=\"widget\" data-widget_type=\"heading.default\">\n\t\t\t\t<div class=\"elementor-widget-container\">\n\t\t\t\t\t<h4 class=\"elementor-heading-title elementor-size-default\"><a href=\"https:\/\/www.rozalia-zagnansk.pl\/?page_id=5750\">M\u00f3dl si\u0119 z nami<\/a><\/h4>\t\t\t\t<\/div>\n\t\t\t\t<\/div>\n\t\t\t\t\t<\/div>\n\t\t<\/div>\n\t\t\t\t<div class=\"elementor-column elementor-col-14 elementor-inner-column elementor-element elementor-element-66da9858 active\" data-id=\"66da9858\" data-element_type=\"column\" data-settings=\"{&quot;background_background&quot;:&quot;classic&quot;}\">\n\t\t\t<div class=\"elementor-widget-wrap elementor-element-populated\">\n\t\t\t\t\t\t<div class=\"elementor-element elementor-element-4c6ae84 elementor-widget elementor-widget-heading\" data-id=\"4c6ae84\" data-element_type=\"widget\" data-widget_type=\"heading.default\">\n\t\t\t\t<div class=\"elementor-widget-container\">\n\t\t\t\t\t<h4 class=\"elementor-heading-title elementor-size-default\"><a href=\"https:\/\/www.rozalia-zagnansk.pl\/?page_id=5753\">15 obietnic<\/a><\/h4>\t\t\t\t<\/div>\n\t\t\t\t<\/div>\n\t\t\t\t\t<\/div>\n\t\t<\/div>\n\t\t\t\t<div class=\"elementor-column elementor-col-14 elementor-inner-column elementor-element elementor-element-ec67c19\" data-id=\"ec67c19\" data-element_type=\"column\" data-settings=\"{&quot;background_background&quot;:&quot;classic&quot;}\">\n\t\t\t<div class=\"elementor-widget-wrap elementor-element-populated\">\n\t\t\t\t\t\t<div class=\"elementor-element elementor-element-5c942280 elementor-widget elementor-widget-heading\" data-id=\"5c942280\" data-element_type=\"widget\" data-widget_type=\"heading.default\">\n\t\t\t\t<div class=\"elementor-widget-container\">\n\t\t\t\t\t<h4 class=\"elementor-heading-title elementor-size-default\"><a href=\"https:\/\/www.rozalia-zagnansk.pl\/?page_id=5756\">Objawienia<\/a><\/h4>\t\t\t\t<\/div>\n\t\t\t\t<\/div>\n\t\t\t\t\t<\/div>\n\t\t<\/div>\n\t\t\t\t<div class=\"elementor-column elementor-col-14 elementor-inner-column elementor-element elementor-element-53b49c35\" data-id=\"53b49c35\" data-element_type=\"column\" data-settings=\"{&quot;background_background&quot;:&quot;classic&quot;}\">\n\t\t\t<div class=\"elementor-widget-wrap elementor-element-populated\">\n\t\t\t\t\t\t<div class=\"elementor-element elementor-element-6d0ce1ce elementor-widget elementor-widget-heading\" data-id=\"6d0ce1ce\" data-element_type=\"widget\" data-widget_type=\"heading.default\">\n\t\t\t\t<div class=\"elementor-widget-container\">\n\t\t\t\t\t<h4 class=\"elementor-heading-title elementor-size-default\"><a href=\"https:\/\/www.rozalia-zagnansk.pl\/?page_id=5897\">Galeria<\/a><\/h4>\t\t\t\t<\/div>\n\t\t\t\t<\/div>\n\t\t\t\t\t<\/div>\n\t\t<\/div>\n\t\t\t\t<div class=\"elementor-column elementor-col-14 elementor-inner-column elementor-element elementor-element-2b6018b5\" data-id=\"2b6018b5\" data-element_type=\"column\" data-settings=\"{&quot;background_background&quot;:&quot;classic&quot;}\">\n\t\t\t<div class=\"elementor-widget-wrap elementor-element-populated\">\n\t\t\t\t\t\t<div class=\"elementor-element elementor-element-474f7427 elementor-widget elementor-widget-heading\" data-id=\"474f7427\" data-element_type=\"widget\" data-widget_type=\"heading.default\">\n\t\t\t\t<div class=\"elementor-widget-container\">\n\t\t\t\t\t<h4 class=\"elementor-heading-title elementor-size-default\"><a href=\"https:\/\/www.rozalia-zagnansk.pl\/?page_id=5927\">Kryteria przynale\u017cno\u015bci<\/a><\/h4>\t\t\t\t<\/div>\n\t\t\t\t<\/div>\n\t\t\t\t\t<\/div>\n\t\t<\/div>\n\t\t\t\t<div class=\"elementor-column elementor-col-14 elementor-inner-column elementor-element elementor-element-461bcdd0\" data-id=\"461bcdd0\" data-element_type=\"column\" data-settings=\"{&quot;background_background&quot;:&quot;classic&quot;}\">\n\t\t\t<div class=\"elementor-widget-wrap elementor-element-populated\">\n\t\t\t\t\t\t<div class=\"elementor-element elementor-element-46068f58 elementor-widget elementor-widget-heading\" data-id=\"46068f58\" data-element_type=\"widget\" data-widget_type=\"heading.default\">\n\t\t\t\t<div class=\"elementor-widget-container\">\n\t\t\t\t\t<h4 class=\"elementor-heading-title elementor-size-default\"><a href=\"https:\/\/www.rozalia-zagnansk.pl\/?page_id=5941\">Pierwsze soboty miesi\u0105ca<\/a><\/h4>\t\t\t\t<\/div>\n\t\t\t\t<\/div>\n\t\t\t\t\t<\/div>\n\t\t<\/div>\n\t\t\t\t\t<\/div>\n\t\t<\/section>\n\t\t\t\t\t<\/div>\n\t\t<\/div>\n\t\t\t\t\t<\/div>\n\t\t<\/section>\n\t\t\t\t<section class=\"elementor-section elementor-top-section elementor-element elementor-element-584ee1e elementor-section-stretched elementor-section-boxed elementor-section-height-default elementor-section-height-default\" data-id=\"584ee1e\" data-element_type=\"section\" data-settings=\"{&quot;stretch_section&quot;:&quot;section-stretched&quot;}\">\n\t\t\t\t\t\t<div class=\"elementor-container elementor-column-gap-default\">\n\t\t\t\t\t<div class=\"elementor-column elementor-col-100 elementor-top-column elementor-element elementor-element-e9acc30\" data-id=\"e9acc30\" data-element_type=\"column\">\n\t\t\t<div class=\"elementor-widget-wrap elementor-element-populated\">\n\t\t\t\t\t\t<div class=\"elementor-element elementor-element-334708a elementor-widget elementor-widget-html\" data-id=\"334708a\" data-element_type=\"widget\" data-widget_type=\"html.default\">\n\t\t\t\t<div class=\"elementor-widget-container\">\n\t\t\t\t\t<style>\r\n    ol.fifteen-list {\r\n  list-style: none;\r\n  counter-reset: my-awesome-counter;\r\n}\r\nol.fifteen-list li {\r\n  counter-increment: my-awesome-counter;\r\n  text-indent: -2rem;\r\n}\r\nol.fifteen-list li::before {\r\n    font-family: 'Roboto';\r\n  content: counter(my-awesome-counter) \". \";\r\n  color: #00299E;\r\n  font-weight: 900;\r\n  font-size: 105%;\r\n  width: 20px;\r\n  display: inline-block;\r\n<\/style>\t\t\t\t<\/div>\n\t\t\t\t<\/div>\n\t\t\t\t\t<\/div>\n\t\t<\/div>\n\t\t\t\t\t<\/div>\n\t\t<\/section>\n\t\t\t\t<section class=\"elementor-section elementor-top-section elementor-element elementor-element-c5b0211 elementor-section-stretched elementor-section-boxed elementor-section-height-default elementor-section-height-default\" data-id=\"c5b0211\" data-element_type=\"section\" data-settings=\"{&quot;stretch_section&quot;:&quot;section-stretched&quot;}\">\n\t\t\t\t\t\t<div class=\"elementor-container elementor-column-gap-default\">\n\t\t\t\t\t<div class=\"elementor-column elementor-col-100 elementor-top-column elementor-element elementor-element-bcb423b\" data-id=\"bcb423b\" data-element_type=\"column\">\n\t\t\t<div class=\"elementor-widget-wrap elementor-element-populated\">\n\t\t\t\t\t\t<div class=\"elementor-element elementor-element-a4f04db elementor-widget elementor-widget-heading\" data-id=\"a4f04db\" data-element_type=\"widget\" data-widget_type=\"heading.default\">\n\t\t\t\t<div class=\"elementor-widget-container\">\n\t\t\t\t\t<h5 class=\"elementor-heading-title elementor-size-default\">15 obietnic Matki Bo\u017cej dla odmawiaj\u0105cych r\u00f3\u017caniec<\/h5>\t\t\t\t<\/div>\n\t\t\t\t<\/div>\n\t\t\t\t\t<\/div>\n\t\t<\/div>\n\t\t\t\t\t<\/div>\n\t\t<\/section>\n\t\t\t\t<section class=\"elementor-section elementor-top-section elementor-element elementor-element-529128f8 elementor-section-stretched elementor-section-boxed elementor-section-height-default elementor-section-height-default\" data-id=\"529128f8\" data-element_type=\"section\" data-settings=\"{&quot;stretch_section&quot;:&quot;section-stretched&quot;}\">\n\t\t\t\t\t\t<div class=\"elementor-container elementor-column-gap-default\">\n\t\t\t\t\t<div class=\"elementor-column elementor-col-100 elementor-top-column elementor-element elementor-element-1d91b8ee\" data-id=\"1d91b8ee\" data-element_type=\"column\" data-settings=\"{&quot;background_background&quot;:&quot;classic&quot;}\">\n\t\t\t<div class=\"elementor-widget-wrap elementor-element-populated\">\n\t\t\t\t\t\t<div class=\"elementor-element elementor-element-96d81c2 elementor-widget elementor-widget-text-editor\" data-id=\"96d81c2\" data-element_type=\"widget\" data-widget_type=\"text-editor.default\">\n\t\t\t\t<div class=\"elementor-widget-container\">\n\t\t\t\t\t\t\t\t\t<ol class=\"fifteen-list\"><li>Ktokolwiek b\u0119dzie mi s\u0142u\u017cy\u0142 przez odmawianie r\u00f3\u017ca\u0144ca \u015bwi\u0119tego otrzyma wyj\u0105tkowe \u0142aski.<\/li><li>Obiecuj\u0119 moj\u0105 specjaln\u0105 obron\u0119 i najwi\u0119ksze \u0142aski wszystkim tym, kt\u00f3rzy b\u0119d\u0105 odmawia\u0107 r\u00f3\u017caniec.<\/li><li>R\u00f3\u017caniec stanie si\u0119 broni\u0105 przeciw piek\u0142u, zniszczy, pomniejszy grzechy, zwyci\u0119\u017cy heretyk\u00f3w.<\/li><li>Spowoduje on, \u017ce cnoty i dobre dzie\u0142a zakwitn\u0105; otrzyma on od Boga obfite przebaczenie dla dusz; odci\u0105gnie serca ludu od umi\u0142owania \u015bwiata i jego marno\u015bci; podniesie je do po\u017c\u0105dania rzeczy wiecznych.<\/li><li>Dusza, kt\u00f3ra poleci mi si\u0119 przez odmawianie r\u00f3\u017ca\u0144ca, nie zginie.<\/li><li>Ktokolwiek odmawia\u0107 b\u0119dzie pobo\u017cnie r\u00f3\u017caniec \u015bwi\u0119ty, rozwa\u017caj\u0105c r\u00f3wnocze\u015bnie tajemnice \u015bwi\u0119te nie dozna nieszcz\u0119\u015b\u0107, nie do\u015bwiadczy gniewu Bo\u017cego, nie umrze nag\u0142\u0105 \u015bmierci\u0105; nawr\u00f3ci si\u0119, je\u015bli jest grzesznikiem, je\u015bli za\u015b sprawiedliwym \u2013 wytrwa w \u0142asce i osi\u0105gnie \u017cycie wieczne.<\/li><li>Ktokolwiek b\u0119dzie mia\u0142 prawdziwe nabo\u017ce\u0144stwo do r\u00f3\u017ca\u0144ca \u2013 nie umrze bez sakrament\u00f3w Ko\u015bcio\u0142a.<\/li><li>Wierni w odmawianiu r\u00f3\u017ca\u0144ca b\u0119d\u0105 mieli w \u017cyciu i przy \u015bmierci \u015bwiat\u0142o Bo\u017ce i pe\u0142ni\u0119 Jego \u0142aski.<\/li><li>Uwolni\u0119 z czy\u015b\u0107ca tych, kt\u00f3rzy mieli nabo\u017ce\u0144stwo do r\u00f3\u017ca\u0144ca \u015bwi\u0119tego.<\/li><li>Wierne dzieci r\u00f3\u017ca\u0144ca zas\u0142u\u017c\u0105 na wysoki stopie\u0144 chwa\u0142y w niebie.<\/li><li>Otrzymacie wszystko, o co prosicie przez odmawianie r\u00f3\u017ca\u0144ca.<\/li><li>Wszystkich, kt\u00f3rzy rozpowszechniaj\u0105 r\u00f3\u017caniec, b\u0119d\u0119 wspomaga\u0142a w ich potrzebach.<\/li><li>Otrzyma\u0142am od mojego Boskiego Syna obietnic\u0119, \u017ce wszyscy obro\u0144cy r\u00f3\u017ca\u0144ca b\u0119d\u0105 mieli za wstawiennik\u00f3w ca\u0142y Dw\u00f3r Niebieski w czasie \u017cycia i w godzin\u0119 \u015bmierci.<\/li><li>Wszyscy, kt\u00f3rzy odmawiaj\u0105 R\u00f3\u017caniec, s\u0105 moimi synami i bra\u0107mi mojego Jedynego Syna Jezusa Chrystusa.<\/li><li>Nabo\u017ce\u0144stwo do mojego r\u00f3\u017ca\u0144ca jest wielkim znakiem przeznaczenia do nieba.<\/li><\/ol>\t\t\t\t\t\t\t\t<\/div>\n\t\t\t\t<\/div>\n\t\t\t\t\t<\/div>\n\t\t<\/div>\n\t\t\t\t\t<\/div>\n\t\t<\/section>\n\t\t\t\t<\/div>\n\t\t ","protected":false},"excerpt":{"rendered":"<p>M\u0119ski \u017bywy R\u00f3\u017caniec O nas M\u00f3dl si\u0119 z nami 15 obietnic Objawienia Galeria Kryteria przynale\u017cno\u015bci Pierwsze soboty miesi\u0105ca 15 obietnic Matki Bo\u017cej [&hellip;]<\/p>\n","protected":false},"author":1,"featured_media":0,"parent":5748,"menu_order":0,"comment_status":"closed","ping_status":"closed","template":"","meta":{"_acf_changed":false,"jetpack_post_was_ever_published":false,"footnotes":""},"class_list":["post-5753","page","type-page","status-publish","hentry"],"acf":[],"jetpack_sharing_enabled":true,"jetpack_shortlink":"https:\/\/wp.me\/Paz7cl-1uN","_links":{"self":[{"href":"https:\/\/www.rozalia-zagnansk.pl\/index.php?rest_route=\/wp\/v2\/pages\/5753","targetHints":{"allow":["GET"]}}],"collection":[{"href":"https:\/\/www.rozalia-zagnansk.pl\/index.php?rest_route=\/wp\/v2\/pages"}],"about":[{"href":"https:\/\/www.rozalia-zagnansk.pl\/index.php?rest_route=\/wp\/v2\/types\/page"}],"author":[{"embeddable":true,"href":"https:\/\/www.rozalia-zagnansk.pl\/index.php?rest_route=\/wp\/v2\/users\/1"}],"replies":[{"embeddable":true,"href":"https:\/\/www.rozalia-zagnansk.pl\/index.php?rest_route=%2Fwp%2Fv2%2Fcomments&post=5753"}],"version-history":[{"count":19,"href":"https:\/\/www.rozalia-zagnansk.pl\/index.php?rest_route=\/wp\/v2\/pages\/5753\/revisions"}],"predecessor-version":[{"id":7663,"href":"https:\/\/www.rozalia-zagnansk.pl\/index.php?rest_route=\/wp\/v2\/pages\/5753\/revisions\/7663"}],"up":[{"embeddable":true,"href":"https:\/\/www.rozalia-zagnansk.pl\/index.php?rest_route=\/wp\/v2\/pages\/5748"}],"wp:attachment":[{"href":"https:\/\/www.rozalia-zagnansk.pl\/index.php?rest_route=%2Fwp%2Fv2%2Fmedia&parent=5753"}],"curies":[{"name":"wp","href":"https:\/\/api.w.org\/{rel}","templated":true}]}}