{"id":5748,"date":"2024-01-23T07:36:28","date_gmt":"2024-01-23T07:36:28","guid":{"rendered":"http:\/\/www.rozalia-zagnansk.pl\/?page_id=5748"},"modified":"2025-09-03T12:06:39","modified_gmt":"2025-09-03T12:06:39","slug":"zywy-rozaniec","status":"publish","type":"page","link":"https:\/\/www.rozalia-zagnansk.pl\/?page_id=5748","title":{"rendered":"\u017bywy R\u00f3\u017caniec"},"content":{"rendered":"\t\t<div data-elementor-type=\"wp-page\" data-elementor-id=\"5748\" class=\"elementor elementor-5748\" data-elementor-post-type=\"page\">\n\t\t\t\t\t\t<section class=\"elementor-section elementor-top-section elementor-element elementor-element-601f8c46 elementor-section-stretched elementor-section-boxed elementor-section-height-default elementor-section-height-default\" data-id=\"601f8c46\" data-element_type=\"section\" data-settings=\"{&quot;stretch_section&quot;:&quot;section-stretched&quot;}\">\n\t\t\t\t\t\t<div class=\"elementor-container elementor-column-gap-default\">\n\t\t\t\t\t<div class=\"elementor-column elementor-col-100 elementor-top-column elementor-element elementor-element-308b518a\" data-id=\"308b518a\" data-element_type=\"column\">\n\t\t\t<div class=\"elementor-widget-wrap elementor-element-populated\">\n\t\t\t\t\t\t<div class=\"elementor-element elementor-element-3985499b elementor-widget elementor-widget-heading\" data-id=\"3985499b\" data-element_type=\"widget\" data-widget_type=\"heading.default\">\n\t\t\t\t<div class=\"elementor-widget-container\">\n\t\t\t\t\t<h2 class=\"elementor-heading-title elementor-size-default\">M\u0119ski \u017bywy R\u00f3\u017caniec<\/h2>\t\t\t\t<\/div>\n\t\t\t\t<\/div>\n\t\t\t\t<div class=\"elementor-element elementor-element-5492f367 elementor-widget elementor-widget-html\" data-id=\"5492f367\" data-element_type=\"widget\" data-widget_type=\"html.default\">\n\t\t\t\t<div class=\"elementor-widget-container\">\n\t\t\t\t\t<style>\n.page-wrap {\n    padding: 0px !important\n}\n\n.nav-mzr .elementor-row {\n    flex-wrap: wrap;\n}\n\n.nav-mzr .elementor-column {\n    flex: 1 1 25%;\n}\n<\/style>\t\t\t\t<\/div>\n\t\t\t\t<\/div>\n\t\t\t\t<section class=\"elementor-section elementor-inner-section elementor-element elementor-element-a9e5ad4 nav-mzr elementor-section-boxed elementor-section-height-default elementor-section-height-default\" data-id=\"a9e5ad4\" data-element_type=\"section\">\n\t\t\t\t\t\t<div class=\"elementor-container elementor-column-gap-default\">\n\t\t\t\t\t<div class=\"elementor-column elementor-col-14 elementor-inner-column elementor-element elementor-element-5509a33b active\" data-id=\"5509a33b\" data-element_type=\"column\" data-settings=\"{&quot;background_background&quot;:&quot;classic&quot;}\">\n\t\t\t<div class=\"elementor-widget-wrap elementor-element-populated\">\n\t\t\t\t\t\t<div class=\"elementor-element elementor-element-b4a7ff elementor-widget elementor-widget-heading\" data-id=\"b4a7ff\" data-element_type=\"widget\" data-widget_type=\"heading.default\">\n\t\t\t\t<div class=\"elementor-widget-container\">\n\t\t\t\t\t<h4 class=\"elementor-heading-title elementor-size-default\"><a href=\"https:\/\/www.rozalia-zagnansk.pl\/?page_id=5748\">O nas<\/a><\/h4>\t\t\t\t<\/div>\n\t\t\t\t<\/div>\n\t\t\t\t\t<\/div>\n\t\t<\/div>\n\t\t\t\t<div class=\"elementor-column elementor-col-14 elementor-inner-column elementor-element elementor-element-424229df\" data-id=\"424229df\" data-element_type=\"column\" data-settings=\"{&quot;background_background&quot;:&quot;classic&quot;}\">\n\t\t\t<div class=\"elementor-widget-wrap elementor-element-populated\">\n\t\t\t\t\t\t<div class=\"elementor-element elementor-element-3d6925ee elementor-widget elementor-widget-heading\" data-id=\"3d6925ee\" data-element_type=\"widget\" data-widget_type=\"heading.default\">\n\t\t\t\t<div class=\"elementor-widget-container\">\n\t\t\t\t\t<h4 class=\"elementor-heading-title elementor-size-default\"><a href=\"https:\/\/www.rozalia-zagnansk.pl\/?page_id=5750\">M\u00f3dl si\u0119 z nami<\/a><\/h4>\t\t\t\t<\/div>\n\t\t\t\t<\/div>\n\t\t\t\t\t<\/div>\n\t\t<\/div>\n\t\t\t\t<div class=\"elementor-column elementor-col-14 elementor-inner-column elementor-element elementor-element-7f936f77\" data-id=\"7f936f77\" data-element_type=\"column\" data-settings=\"{&quot;background_background&quot;:&quot;classic&quot;}\">\n\t\t\t<div class=\"elementor-widget-wrap elementor-element-populated\">\n\t\t\t\t\t\t<div class=\"elementor-element elementor-element-5a7fb8c5 elementor-widget elementor-widget-heading\" data-id=\"5a7fb8c5\" data-element_type=\"widget\" data-widget_type=\"heading.default\">\n\t\t\t\t<div class=\"elementor-widget-container\">\n\t\t\t\t\t<h4 class=\"elementor-heading-title elementor-size-default\"><a href=\"https:\/\/www.rozalia-zagnansk.pl\/?page_id=5753\">15 obietnic<\/a><\/h4>\t\t\t\t<\/div>\n\t\t\t\t<\/div>\n\t\t\t\t\t<\/div>\n\t\t<\/div>\n\t\t\t\t<div class=\"elementor-column elementor-col-14 elementor-inner-column elementor-element elementor-element-3569bf1d\" data-id=\"3569bf1d\" data-element_type=\"column\" data-settings=\"{&quot;background_background&quot;:&quot;classic&quot;}\">\n\t\t\t<div class=\"elementor-widget-wrap elementor-element-populated\">\n\t\t\t\t\t\t<div class=\"elementor-element elementor-element-65e57640 elementor-widget elementor-widget-heading\" data-id=\"65e57640\" data-element_type=\"widget\" data-widget_type=\"heading.default\">\n\t\t\t\t<div class=\"elementor-widget-container\">\n\t\t\t\t\t<h4 class=\"elementor-heading-title elementor-size-default\"><a href=\"https:\/\/www.rozalia-zagnansk.pl\/?page_id=5756\">Objawienia<\/a><\/h4>\t\t\t\t<\/div>\n\t\t\t\t<\/div>\n\t\t\t\t\t<\/div>\n\t\t<\/div>\n\t\t\t\t<div class=\"elementor-column elementor-col-14 elementor-inner-column elementor-element elementor-element-4d1d4d89\" data-id=\"4d1d4d89\" data-element_type=\"column\" data-settings=\"{&quot;background_background&quot;:&quot;classic&quot;}\">\n\t\t\t<div class=\"elementor-widget-wrap elementor-element-populated\">\n\t\t\t\t\t\t<div class=\"elementor-element elementor-element-101716c3 elementor-widget elementor-widget-heading\" data-id=\"101716c3\" data-element_type=\"widget\" data-widget_type=\"heading.default\">\n\t\t\t\t<div class=\"elementor-widget-container\">\n\t\t\t\t\t<h4 class=\"elementor-heading-title elementor-size-default\"><a href=\"https:\/\/www.rozalia-zagnansk.pl\/?page_id=5897\">Galeria<\/a><\/h4>\t\t\t\t<\/div>\n\t\t\t\t<\/div>\n\t\t\t\t\t<\/div>\n\t\t<\/div>\n\t\t\t\t<div class=\"elementor-column elementor-col-14 elementor-inner-column elementor-element elementor-element-109bbc56\" data-id=\"109bbc56\" data-element_type=\"column\" data-settings=\"{&quot;background_background&quot;:&quot;classic&quot;}\">\n\t\t\t<div class=\"elementor-widget-wrap elementor-element-populated\">\n\t\t\t\t\t\t<div class=\"elementor-element elementor-element-648e5f67 elementor-widget elementor-widget-heading\" data-id=\"648e5f67\" data-element_type=\"widget\" data-widget_type=\"heading.default\">\n\t\t\t\t<div class=\"elementor-widget-container\">\n\t\t\t\t\t<h4 class=\"elementor-heading-title elementor-size-default\"><a href=\"https:\/\/www.rozalia-zagnansk.pl\/?page_id=5927\">Kryteria przynale\u017cno\u015bci<\/a><\/h4>\t\t\t\t<\/div>\n\t\t\t\t<\/div>\n\t\t\t\t\t<\/div>\n\t\t<\/div>\n\t\t\t\t<div class=\"elementor-column elementor-col-14 elementor-inner-column elementor-element elementor-element-6a8c7caf\" data-id=\"6a8c7caf\" data-element_type=\"column\" data-settings=\"{&quot;background_background&quot;:&quot;classic&quot;}\">\n\t\t\t<div class=\"elementor-widget-wrap elementor-element-populated\">\n\t\t\t\t\t\t<div class=\"elementor-element elementor-element-d4b9e39 elementor-widget elementor-widget-heading\" data-id=\"d4b9e39\" data-element_type=\"widget\" data-widget_type=\"heading.default\">\n\t\t\t\t<div class=\"elementor-widget-container\">\n\t\t\t\t\t<h4 class=\"elementor-heading-title elementor-size-default\"><a href=\"https:\/\/www.rozalia-zagnansk.pl\/?page_id=5941\">Pierwsze soboty miesi\u0105ca<\/a><\/h4>\t\t\t\t<\/div>\n\t\t\t\t<\/div>\n\t\t\t\t\t<\/div>\n\t\t<\/div>\n\t\t\t\t\t<\/div>\n\t\t<\/section>\n\t\t\t\t\t<\/div>\n\t\t<\/div>\n\t\t\t\t\t<\/div>\n\t\t<\/section>\n\t\t\t\t<section class=\"elementor-section elementor-top-section elementor-element elementor-element-75c6b29 elementor-section-stretched elementor-section-boxed elementor-section-height-default elementor-section-height-default\" data-id=\"75c6b29\" data-element_type=\"section\" data-settings=\"{&quot;stretch_section&quot;:&quot;section-stretched&quot;,&quot;background_background&quot;:&quot;classic&quot;}\">\n\t\t\t\t\t\t<div class=\"elementor-container elementor-column-gap-default\">\n\t\t\t\t\t<div class=\"elementor-column elementor-col-100 elementor-top-column elementor-element elementor-element-2e62e31\" data-id=\"2e62e31\" data-element_type=\"column\">\n\t\t\t<div class=\"elementor-widget-wrap elementor-element-populated\">\n\t\t\t\t\t\t<section class=\"elementor-section elementor-inner-section elementor-element elementor-element-9b4a21e elementor-section-boxed elementor-section-height-default elementor-section-height-default\" data-id=\"9b4a21e\" data-element_type=\"section\" data-settings=\"{&quot;background_background&quot;:&quot;classic&quot;}\">\n\t\t\t\t\t\t<div class=\"elementor-container elementor-column-gap-default\">\n\t\t\t\t\t<div class=\"elementor-column elementor-col-100 elementor-inner-column elementor-element elementor-element-6c0d85d\" data-id=\"6c0d85d\" data-element_type=\"column\">\n\t\t\t<div class=\"elementor-widget-wrap elementor-element-populated\">\n\t\t\t\t\t\t<div class=\"elementor-element elementor-element-60feebe elementor-widget elementor-widget-text-editor\" data-id=\"60feebe\" data-element_type=\"widget\" data-widget_type=\"text-editor.default\">\n\t\t\t\t<div class=\"elementor-widget-container\">\n\t\t\t\t\t\t\t\t\t<p>\u201e<strong>\u017bywy R\u00f3\u017caniec<\/strong>\u201d jest zorganizowan\u0105 wsp\u00f3lnot\u0105 os\u00f3b, kt\u00f3re modl\u0105 si\u0119 codziennie na r\u00f3\u017ca\u0144cu. Organizacja ta odpowiada kszta\u0142towi samej modlitwy r\u00f3\u017ca\u0144cowej, kt\u00f3ra polega na rozwa\u017caniu 20 tajemnic z \u017cycia Jezusa i Maryi przy jednoczesnym odmawianiu przy ka\u017cdej tajemnicy jednego \u201eOjcze nasz\u201d 10 \u201eZdrowa\u015b Maryjo\u201d i jednego \u201eChwa\u0142a Ojcu\u201d.<\/p><p>Ka\u017cda \u201e\u017bywa R\u00f3\u017ca\u201d sk\u0142ada si\u0119 z 20 os\u00f3b, a ka\u017cda z nich odmawia codziennie przynajmniej jedn\u0105 tajemnic\u0119 r\u00f3\u017ca\u0144ca. Koniecznie jednak t\u0119, kt\u00f3ra zostaje powierzona do rozwa\u017cania i odmawiania raz w miesi\u0105cu, przy \u201ezmianie tajemnic\u201d. Przy tej zmianie, co miesi\u0105c, wszystkim cz\u0142onkom przydziela si\u0119 nowe tajemnice do odmawiania, w taki jednak spos\u00f3b, aby w jednej \u201e\u017bywej R\u00f3\u017cy\u201d by\u0142y ka\u017cdego dnia odm\u00f3wione wszystkie tajemnice. Tak wi\u0119c gdy poszczeg\u00f3lni cz\u0142onkowie \u201e\u017bywej R\u00f3\u017cy\u201d odmawiaj\u0105 dziennie tylko jedn\u0105 tajemnic\u0119, to w ca\u0142ej R\u00f3\u017cy rozwa\u017cany jest ca\u0142y r\u00f3\u017caniec, czyli wszystkie cz\u0119\u015bci i tajemnice.<\/p><p>Bardzo istotne jest r\u00f3wnie\u017c to, \u017ce wszyscy cz\u0142onkowie R\u00f3\u017cy modl\u0105 si\u0119 w tej samej intencji, kt\u00f3ra jest r\u00f3wnie\u017c zmieniana co miesi\u0105c.<\/p><p>Matka Bo\u017ca prosi o odmawianie R\u00f3\u017ca\u0144ca \u015awi\u0119tego we wszystkich swoich objawieniach. W Fatimie oznajmi\u0142a dzieciom, \u017ce jest Kr\u00f3low\u0105 R\u00f3\u017ca\u0144ca \u015awi\u0119tego:\u00a0<strong>\u201ePrzysz\u0142am na ziemi\u0119, aby upomnie\u0107 ludzko\u015b\u0107, aby ludzie wi\u0119cej nie grzeszyli. Niech przestan\u0105 obra\u017ca\u0107 mojego Syna. Niech ludzie odmawiaj\u0105 R\u00f3\u017caniec i niech czyni\u0105 pokut\u0119&#8221;.<\/strong><\/p>\t\t\t\t\t\t\t\t<\/div>\n\t\t\t\t<\/div>\n\t\t\t\t\t<\/div>\n\t\t<\/div>\n\t\t\t\t\t<\/div>\n\t\t<\/section>\n\t\t\t\t\t<\/div>\n\t\t<\/div>\n\t\t\t\t\t<\/div>\n\t\t<\/section>\n\t\t\t\t<section class=\"elementor-section elementor-top-section elementor-element elementor-element-6264c2b elementor-section-stretched elementor-section-boxed elementor-section-height-default elementor-section-height-default\" data-id=\"6264c2b\" data-element_type=\"section\" data-settings=\"{&quot;stretch_section&quot;:&quot;section-stretched&quot;,&quot;background_background&quot;:&quot;classic&quot;}\">\n\t\t\t\t\t\t<div class=\"elementor-container elementor-column-gap-default\">\n\t\t\t\t\t<div class=\"elementor-column elementor-col-100 elementor-top-column elementor-element elementor-element-9388965\" data-id=\"9388965\" data-element_type=\"column\">\n\t\t\t<div class=\"elementor-widget-wrap elementor-element-populated\">\n\t\t\t\t\t\t<section class=\"elementor-section elementor-inner-section elementor-element elementor-element-36be8f8 elementor-section-boxed elementor-section-height-default elementor-section-height-default\" data-id=\"36be8f8\" data-element_type=\"section\" data-settings=\"{&quot;background_background&quot;:&quot;classic&quot;}\">\n\t\t\t\t\t\t<div class=\"elementor-container elementor-column-gap-default\">\n\t\t\t\t\t<div class=\"elementor-column elementor-col-100 elementor-inner-column elementor-element elementor-element-2840ef1\" data-id=\"2840ef1\" data-element_type=\"column\">\n\t\t\t<div class=\"elementor-widget-wrap elementor-element-populated\">\n\t\t\t\t\t\t<div class=\"elementor-element elementor-element-c4c5cdb elementor-widget elementor-widget-text-editor\" data-id=\"c4c5cdb\" data-element_type=\"widget\" data-widget_type=\"text-editor.default\">\n\t\t\t\t<div class=\"elementor-widget-container\">\n\t\t\t\t\t\t\t\t\t<p style=\"text-align: center;\"><strong>M\u0119ski <\/strong><strong>\u017bywy R\u00f3\u017caniec<\/strong> przy parafii Rzymskokatolickiej pod wezwaniem \u015bw. Rozalii i \u015bw. Marcina w Zagna\u0144sku zosta\u0142 za\u0142o\u017cony w dniu 04.12.2021 r.<\/p><ul><li>Proboszcz parafii \u2013 ks. Andrzej Drapa\u0142a<\/li><li>Moderator parafialny (opiekun duchowy) \u2013 ks. Ireneusz Tuora<\/li><li>Zelator parafialny \u2013 Zbigniew Chutnik<\/li><\/ul><p><strong>Cz\u0142onkowie M\u0119skiego \u017bywego R\u00f3\u017ca\u0144ca<\/strong> (patron &#8211; b\u0142. Stefan Wyszy\u0144ski):<\/p><ol><li><strong>Dariusz Chaba<\/strong>\u00a0\u2013 zelator\u00a0<\/li><li>S\u0142awomir Ch\u0142opek<\/li><li>Pawe\u0142 Adamczyk<\/li><li>Andrzej Grudziecki<\/li><li>Ryszard Piwowar<\/li><li><strong>Robert Jaros<\/strong> \u2013 zelator<\/li><li>Jaros\u0142aw Maciej Drogosz<\/li><li>Piotr J\u0119dryka<\/li><li>Zbigniew Chutnik<\/li><li>Leszek Kope\u0107<\/li><li><strong>Dariusz Kiec<\/strong> \u2013 zelator<\/li><li>Wies\u0142aw Korus<\/li><li>Krzysztof Ku\u017ama<\/li><li>S\u0142awomir Lajzerowicz<\/li><li>Bogus\u0142aw Moskal<\/li><li><strong>Wojciech Wydrych<\/strong>\u00a0\u2013 zelator<\/li><li>Seweryn Papros<\/li><li>Ryszard Wawszczak<\/li><li>Maksymilian Wydrych<\/li><li>Grzegorz Bracha<\/li><li>Gustaw Szcze\u015bniak<\/li><li>Grzegorz Salwa<\/li><\/ol>\t\t\t\t\t\t\t\t<\/div>\n\t\t\t\t<\/div>\n\t\t\t\t\t<\/div>\n\t\t<\/div>\n\t\t\t\t\t<\/div>\n\t\t<\/section>\n\t\t\t\t\t<\/div>\n\t\t<\/div>\n\t\t\t\t\t<\/div>\n\t\t<\/section>\n\t\t\t\t<section class=\"elementor-section elementor-top-section elementor-element elementor-element-b62e46d elementor-section-stretched elementor-section-boxed elementor-section-height-default elementor-section-height-default\" data-id=\"b62e46d\" data-element_type=\"section\" data-settings=\"{&quot;stretch_section&quot;:&quot;section-stretched&quot;}\">\n\t\t\t\t\t\t<div class=\"elementor-container elementor-column-gap-default\">\n\t\t\t\t\t<div class=\"elementor-column elementor-col-100 elementor-top-column elementor-element elementor-element-3f3c7a5\" data-id=\"3f3c7a5\" data-element_type=\"column\">\n\t\t\t<div class=\"elementor-widget-wrap elementor-element-populated\">\n\t\t\t\t\t\t<div class=\"elementor-element elementor-element-8f5b4ff elementor-widget elementor-widget-heading\" data-id=\"8f5b4ff\" data-element_type=\"widget\" data-widget_type=\"heading.default\">\n\t\t\t\t<div class=\"elementor-widget-container\">\n\t\t\t\t\t<h2 class=\"elementor-heading-title elementor-size-default\">Og\u0142oszenia R\u00f3\u017cy<\/h2>\t\t\t\t<\/div>\n\t\t\t\t<\/div>\n\t\t\t\t<div class=\"elementor-element elementor-element-3d1cd24 elementor-widget-divider--view-line elementor-widget elementor-widget-divider\" data-id=\"3d1cd24\" data-element_type=\"widget\" data-widget_type=\"divider.default\">\n\t\t\t\t<div class=\"elementor-widget-container\">\n\t\t\t\t\t\t\t<div class=\"elementor-divider\">\n\t\t\t<span class=\"elementor-divider-separator\">\n\t\t\t\t\t\t<\/span>\n\t\t<\/div>\n\t\t\t\t\t\t<\/div>\n\t\t\t\t<\/div>\n\t\t\t\t<div class=\"elementor-element elementor-element-02d7a91 elementor-widget elementor-widget-wp-widget-rozalia_aktualnosci\" data-id=\"02d7a91\" data-element_type=\"widget\" data-widget_type=\"wp-widget-rozalia_aktualnosci.default\">\n\t\t\t\t<div class=\"elementor-widget-container\">\n\t\t\t\t\t<div class=\"row\">                <div class=\"col-md-4 rozalia-artykul-single\">\r\n                    <figure>\r\n                        <a href=\"https:\/\/www.rozalia-zagnansk.pl\/?p=7837\" title=\"R\u00f3\u017ca R\u00f3\u017ca\u0144cowa \u2013 Kwiecie\u0144\">\r\n                            <img fetchpriority=\"high\" decoding=\"async\" width=\"350\" height=\"258\" src=\"https:\/\/www.rozalia-zagnansk.pl\/wp-content\/uploads\/2026\/04\/miniaturka-kwiecien26.png\" class=\"attachment-350x350 size-350x350 wp-post-image\" alt=\"\" srcset=\"https:\/\/www.rozalia-zagnansk.pl\/wp-content\/uploads\/2026\/04\/miniaturka-kwiecien26.png 350w, https:\/\/www.rozalia-zagnansk.pl\/wp-content\/uploads\/2026\/04\/miniaturka-kwiecien26-300x221.png 300w, https:\/\/www.rozalia-zagnansk.pl\/wp-content\/uploads\/2026\/04\/miniaturka-kwiecien26-230x170.png 230w\" sizes=\"(max-width: 350px) 100vw, 350px\" \/>                        <\/a>\r\n                        <div class=\"text-center\">\r\n                            <h4><a href=\"https:\/\/www.rozalia-zagnansk.pl\/?p=7837\" title=\"R\u00f3\u017ca R\u00f3\u017ca\u0144cowa \u2013 Kwiecie\u0144\" class=\"text-center\">R\u00f3\u017ca R\u00f3\u017ca\u0144cowa \u2013 Kwiecie\u0144<\/a><h4>\r\n                            <h6 style=\"font-size: 14px;\">2026-04-05<\/h6>\r\n                        <\/div>\r\n                    <\/figure>\r\n                <\/div>\r\n                            <div class=\"col-md-4 rozalia-artykul-single\">\r\n                    <figure>\r\n                        <a href=\"https:\/\/www.rozalia-zagnansk.pl\/?p=7796\" title=\"R\u00f3\u017ca R\u00f3\u017ca\u0144cowa \u2013 Marzec\">\r\n                            <img decoding=\"async\" width=\"350\" height=\"258\" src=\"https:\/\/www.rozalia-zagnansk.pl\/wp-content\/uploads\/2026\/03\/miniaturka-marzec26.png\" class=\"attachment-350x350 size-350x350 wp-post-image\" alt=\"\" srcset=\"https:\/\/www.rozalia-zagnansk.pl\/wp-content\/uploads\/2026\/03\/miniaturka-marzec26.png 350w, https:\/\/www.rozalia-zagnansk.pl\/wp-content\/uploads\/2026\/03\/miniaturka-marzec26-300x221.png 300w, https:\/\/www.rozalia-zagnansk.pl\/wp-content\/uploads\/2026\/03\/miniaturka-marzec26-230x170.png 230w\" sizes=\"(max-width: 350px) 100vw, 350px\" \/>                        <\/a>\r\n                        <div class=\"text-center\">\r\n                            <h4><a href=\"https:\/\/www.rozalia-zagnansk.pl\/?p=7796\" title=\"R\u00f3\u017ca R\u00f3\u017ca\u0144cowa \u2013 Marzec\" class=\"text-center\">R\u00f3\u017ca R\u00f3\u017ca\u0144cowa \u2013 Marzec<\/a><h4>\r\n                            <h6 style=\"font-size: 14px;\">2026-03-07<\/h6>\r\n                        <\/div>\r\n                    <\/figure>\r\n                <\/div>\r\n                            <div class=\"col-md-4 rozalia-artykul-single\">\r\n                    <figure>\r\n                        <a href=\"https:\/\/www.rozalia-zagnansk.pl\/?p=7725\" title=\"R\u00f3\u017ca R\u00f3\u017ca\u0144cowa \u2013 Luty\">\r\n                            <img decoding=\"async\" width=\"350\" height=\"258\" src=\"https:\/\/www.rozalia-zagnansk.pl\/wp-content\/uploads\/2026\/02\/miniaturka-luty26.png\" class=\"attachment-350x350 size-350x350 wp-post-image\" alt=\"\" srcset=\"https:\/\/www.rozalia-zagnansk.pl\/wp-content\/uploads\/2026\/02\/miniaturka-luty26.png 350w, https:\/\/www.rozalia-zagnansk.pl\/wp-content\/uploads\/2026\/02\/miniaturka-luty26-300x221.png 300w, https:\/\/www.rozalia-zagnansk.pl\/wp-content\/uploads\/2026\/02\/miniaturka-luty26-230x170.png 230w\" sizes=\"(max-width: 350px) 100vw, 350px\" \/>                        <\/a>\r\n                        <div class=\"text-center\">\r\n                            <h4><a href=\"https:\/\/www.rozalia-zagnansk.pl\/?p=7725\" title=\"R\u00f3\u017ca R\u00f3\u017ca\u0144cowa \u2013 Luty\" class=\"text-center\">R\u00f3\u017ca R\u00f3\u017ca\u0144cowa \u2013 Luty<\/a><h4>\r\n                            <h6 style=\"font-size: 14px;\">2026-02-02<\/h6>\r\n                        <\/div>\r\n                    <\/figure>\r\n                <\/div>\r\n            <\/div>\t\t\t\t<\/div>\n\t\t\t\t<\/div>\n\t\t\t\t<div class=\"elementor-element elementor-element-97ce3f1 elementor-align-center elementor-widget elementor-widget-button\" data-id=\"97ce3f1\" data-element_type=\"widget\" data-widget_type=\"button.default\">\n\t\t\t\t<div class=\"elementor-widget-container\">\n\t\t\t\t\t\t\t\t\t<div class=\"elementor-button-wrapper\">\n\t\t\t\t\t<a class=\"elementor-button elementor-button-link elementor-size-sm\" href=\"https:\/\/www.rozalia-zagnansk.pl\/?cat=20\">\n\t\t\t\t\t\t<span class=\"elementor-button-content-wrapper\">\n\t\t\t\t\t\t\t\t\t<span class=\"elementor-button-text\">Wszystkie og\u0142oszenia<\/span>\n\t\t\t\t\t<\/span>\n\t\t\t\t\t<\/a>\n\t\t\t\t<\/div>\n\t\t\t\t\t\t\t\t<\/div>\n\t\t\t\t<\/div>\n\t\t\t\t\t<\/div>\n\t\t<\/div>\n\t\t\t\t\t<\/div>\n\t\t<\/section>\n\t\t\t\t<section class=\"elementor-section elementor-top-section elementor-element elementor-element-91e5d01 elementor-section-stretched elementor-section-boxed elementor-section-height-default elementor-section-height-default\" data-id=\"91e5d01\" data-element_type=\"section\" data-settings=\"{&quot;stretch_section&quot;:&quot;section-stretched&quot;}\">\n\t\t\t\t\t\t<div class=\"elementor-container elementor-column-gap-default\">\n\t\t\t\t\t<div class=\"elementor-column elementor-col-50 elementor-top-column elementor-element elementor-element-c8c8708\" data-id=\"c8c8708\" data-element_type=\"column\" data-settings=\"{&quot;background_background&quot;:&quot;classic&quot;}\">\n\t\t\t<div class=\"elementor-widget-wrap elementor-element-populated\">\n\t\t\t\t\t\t<div class=\"elementor-element elementor-element-5ab7d24 elementor-widget elementor-widget-text-editor\" data-id=\"5ab7d24\" data-element_type=\"widget\" data-widget_type=\"text-editor.default\">\n\t\t\t\t<div class=\"elementor-widget-container\">\n\t\t\t\t\t\t\t\t\t<ul><li>Cz\u0142onkowie \u017bywego R\u00f3\u017ca\u0144ca maj\u0105 na celu za pomoc\u0105 wsp\u00f3lnej modlitwy dochowa\u0107 wierno\u015bci Bogu, wytrwa\u0107 w dobrym, broni\u0107 od z\u0142ego siebie i bliskich.<\/li><li>Przyj\u0119cie do K\u00f3\u0142ka \u017bywego R\u00f3\u017ca\u0144ca dokonuje si\u0119 przez wpisanie do rejestru cz\u0142onk\u00f3w i zobowi\u0105zaniu si\u0119 do codziennego odmawiania jednej dziesi\u0105tki R\u00f3\u017ca\u0144ca \u015bwi\u0119tego.<\/li><li>Cz\u0142onkowie \u017bywego R\u00f3\u017ca\u0144ca korzystaj\u0105 z Mszy \u015awi\u0119tych i Nabo\u017ce\u0144stw odprawianych w ich intencji, za \u017cywych i umar\u0142ych.<\/li><\/ul>\t\t\t\t\t\t\t\t<\/div>\n\t\t\t\t<\/div>\n\t\t\t\t\t<\/div>\n\t\t<\/div>\n\t\t\t\t<div class=\"elementor-column elementor-col-50 elementor-top-column elementor-element elementor-element-54890e1\" data-id=\"54890e1\" data-element_type=\"column\" data-settings=\"{&quot;background_background&quot;:&quot;classic&quot;}\">\n\t\t\t<div class=\"elementor-widget-wrap elementor-element-populated\">\n\t\t\t\t\t\t<div class=\"elementor-element elementor-element-b9928cf elementor-widget elementor-widget-text-editor\" data-id=\"b9928cf\" data-element_type=\"widget\" data-widget_type=\"text-editor.default\">\n\t\t\t\t<div class=\"elementor-widget-container\">\n\t\t\t\t\t\t\t\t\t<ul><li>Cz\u0142onkowie \u017bywego R\u00f3\u017ca\u0144ca maj\u0105 obowi\u0105zek wielbi\u0107 i na\u015bladowa\u0107 Maryj\u0119 oraz w szczeg\u00f3lny spos\u00f3b powinni wystrzega\u0107 si\u0119 ci\u0119\u017ckich grzech\u00f3w.<\/li><li>Na czele ka\u017cdego K\u00f3\u0142ka stoi Zelator lub Zelatorka. Maj\u0105 oni obowi\u0105zek pilnowania zmiany Tajemnic R\u00f3\u017ca\u0144cowych.<\/li><li>Bardzo istotne jest r\u00f3wnie\u017c to, \u017ce wszyscy cz\u0142onkowie R\u00f3\u017cy modl\u0105 si\u0119 w tej samej intencji.<\/li><\/ul>\t\t\t\t\t\t\t\t<\/div>\n\t\t\t\t<\/div>\n\t\t\t\t\t<\/div>\n\t\t<\/div>\n\t\t\t\t\t<\/div>\n\t\t<\/section>\n\t\t\t\t<\/div>\n\t\t ","protected":false},"excerpt":{"rendered":"<p>M\u0119ski \u017bywy R\u00f3\u017caniec O nas M\u00f3dl si\u0119 z nami 15 obietnic Objawienia Galeria Kryteria przynale\u017cno\u015bci Pierwsze soboty miesi\u0105ca \u201e\u017bywy R\u00f3\u017caniec\u201d jest zorganizowan\u0105 [&hellip;]<\/p>\n","protected":false},"author":1,"featured_media":0,"parent":0,"menu_order":0,"comment_status":"closed","ping_status":"closed","template":"","meta":{"_acf_changed":false,"jetpack_post_was_ever_published":false,"footnotes":""},"class_list":["post-5748","page","type-page","status-publish","hentry"],"acf":[],"jetpack_sharing_enabled":true,"jetpack_shortlink":"https:\/\/wp.me\/Paz7cl-1uI","_links":{"self":[{"href":"https:\/\/www.rozalia-zagnansk.pl\/index.php?rest_route=\/wp\/v2\/pages\/5748","targetHints":{"allow":["GET"]}}],"collection":[{"href":"https:\/\/www.rozalia-zagnansk.pl\/index.php?rest_route=\/wp\/v2\/pages"}],"about":[{"href":"https:\/\/www.rozalia-zagnansk.pl\/index.php?rest_route=\/wp\/v2\/types\/page"}],"author":[{"embeddable":true,"href":"https:\/\/www.rozalia-zagnansk.pl\/index.php?rest_route=\/wp\/v2\/users\/1"}],"replies":[{"embeddable":true,"href":"https:\/\/www.rozalia-zagnansk.pl\/index.php?rest_route=%2Fwp%2Fv2%2Fcomments&post=5748"}],"version-history":[{"count":41,"href":"https:\/\/www.rozalia-zagnansk.pl\/index.php?rest_route=\/wp\/v2\/pages\/5748\/revisions"}],"predecessor-version":[{"id":7554,"href":"https:\/\/www.rozalia-zagnansk.pl\/index.php?rest_route=\/wp\/v2\/pages\/5748\/revisions\/7554"}],"wp:attachment":[{"href":"https:\/\/www.rozalia-zagnansk.pl\/index.php?rest_route=%2Fwp%2Fv2%2Fmedia&parent=5748"}],"curies":[{"name":"wp","href":"https:\/\/api.w.org\/{rel}","templated":true}]}}