{"id":6099,"date":"2024-04-18T10:45:55","date_gmt":"2024-04-18T10:45:55","guid":{"rendered":"https:\/\/www.rozalia-zagnansk.pl\/?page_id=6099"},"modified":"2024-05-27T20:47:30","modified_gmt":"2024-05-27T20:47:30","slug":"seminaria-odnowy-wiary","status":"publish","type":"page","link":"http:\/\/www.rozalia-zagnansk.pl\/?page_id=6099","title":{"rendered":"Seminaria Odnowy Wiary"},"content":{"rendered":"\t\t<div data-elementor-type=\"wp-page\" data-elementor-id=\"6099\" class=\"elementor elementor-6099\" data-elementor-post-type=\"page\">\n\t\t\t\t\t\t<section class=\"elementor-section elementor-top-section elementor-element elementor-element-892c4ec elementor-section-boxed elementor-section-height-default elementor-section-height-default\" data-id=\"892c4ec\" data-element_type=\"section\">\n\t\t\t\t\t\t<div class=\"elementor-container elementor-column-gap-default\">\n\t\t\t\t\t<div class=\"elementor-column elementor-col-100 elementor-top-column elementor-element elementor-element-c4118b3\" data-id=\"c4118b3\" data-element_type=\"column\">\n\t\t\t<div class=\"elementor-widget-wrap elementor-element-populated\">\n\t\t\t\t\t\t<div class=\"elementor-element elementor-element-859e7a1 elementor-widget elementor-widget-wp-widget-media_audio\" data-id=\"859e7a1\" data-element_type=\"widget\" data-widget_type=\"wp-widget-media_audio.default\">\n\t\t\t\t<div class=\"elementor-widget-container\">\n\t\t\t\t\t<h5>Mi\u0142o\u015b\u0107 Bo\u017ca<\/h5><!--[if lt IE 9]><script>document.createElement('audio');<\/script><![endif]-->\n<audio class=\"wp-audio-shortcode\" id=\"audio-6099-1\" preload=\"none\" style=\"width: 100%;\" controls=\"controls\"><source type=\"audio\/mpeg\" src=\"http:\/\/www.rozalia-zagnansk.pl\/wp-content\/uploads\/2024\/04\/Milosc.m4a?_=1\" \/><source type=\"audio\/mpeg\" src=\"http:\/\/www.rozalia-zagnansk.pl\/wp-content\/uploads\/2024\/04\/Milosc.m4a?_=1\" \/><a href=\"http:\/\/www.rozalia-zagnansk.pl\/wp-content\/uploads\/2024\/04\/Milosc.m4a\">http:\/\/www.rozalia-zagnansk.pl\/wp-content\/uploads\/2024\/04\/Milosc.m4a<\/a><\/audio>\t\t\t\t<\/div>\n\t\t\t\t<\/div>\n\t\t\t\t\t<\/div>\n\t\t<\/div>\n\t\t\t\t\t<\/div>\n\t\t<\/section>\n\t\t\t\t<section class=\"elementor-section elementor-top-section elementor-element elementor-element-809b2a7 elementor-section-boxed elementor-section-height-default elementor-section-height-default\" data-id=\"809b2a7\" data-element_type=\"section\">\n\t\t\t\t\t\t<div class=\"elementor-container elementor-column-gap-default\">\n\t\t\t\t\t<div class=\"elementor-column elementor-col-100 elementor-top-column elementor-element elementor-element-0eddb2f\" data-id=\"0eddb2f\" data-element_type=\"column\">\n\t\t\t<div class=\"elementor-widget-wrap elementor-element-populated\">\n\t\t\t\t\t\t<div class=\"elementor-element elementor-element-33bb0a6 elementor-widget elementor-widget-wp-widget-media_audio\" data-id=\"33bb0a6\" data-element_type=\"widget\" data-widget_type=\"wp-widget-media_audio.default\">\n\t\t\t\t<div class=\"elementor-widget-container\">\n\t\t\t\t\t<h5>Grzech<\/h5><audio class=\"wp-audio-shortcode\" id=\"audio-6099-2\" preload=\"none\" style=\"width: 100%;\" controls=\"controls\"><source type=\"audio\/mpeg\" src=\"http:\/\/www.rozalia-zagnansk.pl\/wp-content\/uploads\/2024\/04\/Grzech.mp3?_=2\" \/><source type=\"audio\/mpeg\" src=\"http:\/\/www.rozalia-zagnansk.pl\/wp-content\/uploads\/2024\/04\/Grzech.mp3?_=2\" \/><a href=\"http:\/\/www.rozalia-zagnansk.pl\/wp-content\/uploads\/2024\/04\/Grzech.mp3\">http:\/\/www.rozalia-zagnansk.pl\/wp-content\/uploads\/2024\/04\/Grzech.mp3<\/a><\/audio>\t\t\t\t<\/div>\n\t\t\t\t<\/div>\n\t\t\t\t\t<\/div>\n\t\t<\/div>\n\t\t\t\t\t<\/div>\n\t\t<\/section>\n\t\t\t\t<section class=\"elementor-section elementor-top-section elementor-element elementor-element-a1432ab elementor-section-boxed elementor-section-height-default elementor-section-height-default\" data-id=\"a1432ab\" data-element_type=\"section\">\n\t\t\t\t\t\t<div class=\"elementor-container elementor-column-gap-default\">\n\t\t\t\t\t<div class=\"elementor-column elementor-col-100 elementor-top-column elementor-element elementor-element-461b2ab\" data-id=\"461b2ab\" data-element_type=\"column\">\n\t\t\t<div class=\"elementor-widget-wrap elementor-element-populated\">\n\t\t\t\t\t\t<div class=\"elementor-element elementor-element-55a705a elementor-widget elementor-widget-wp-widget-media_audio\" data-id=\"55a705a\" data-element_type=\"widget\" data-widget_type=\"wp-widget-media_audio.default\">\n\t\t\t\t<div class=\"elementor-widget-container\">\n\t\t\t\t\t<h5>Jezus zbawia<\/h5><audio class=\"wp-audio-shortcode\" id=\"audio-6099-3\" preload=\"none\" style=\"width: 100%;\" controls=\"controls\"><source type=\"audio\/mpeg\" src=\"http:\/\/www.rozalia-zagnansk.pl\/wp-content\/uploads\/2024\/05\/Jezus-zbawil-mnie.mp3?_=3\" \/><source type=\"audio\/mpeg\" src=\"http:\/\/www.rozalia-zagnansk.pl\/wp-content\/uploads\/2024\/05\/Jezus-zbawil-mnie.mp3?_=3\" \/><a href=\"http:\/\/www.rozalia-zagnansk.pl\/wp-content\/uploads\/2024\/05\/Jezus-zbawil-mnie.mp3\">http:\/\/www.rozalia-zagnansk.pl\/wp-content\/uploads\/2024\/05\/Jezus-zbawil-mnie.mp3<\/a><\/audio>\t\t\t\t<\/div>\n\t\t\t\t<\/div>\n\t\t\t\t\t<\/div>\n\t\t<\/div>\n\t\t\t\t\t<\/div>\n\t\t<\/section>\n\t\t\t\t<section class=\"elementor-section elementor-top-section elementor-element elementor-element-fef0798 elementor-section-boxed elementor-section-height-default elementor-section-height-default\" data-id=\"fef0798\" data-element_type=\"section\">\n\t\t\t\t\t\t<div class=\"elementor-container elementor-column-gap-default\">\n\t\t\t\t\t<div class=\"elementor-column elementor-col-100 elementor-top-column elementor-element elementor-element-e74a57a\" data-id=\"e74a57a\" data-element_type=\"column\">\n\t\t\t<div class=\"elementor-widget-wrap elementor-element-populated\">\n\t\t\t\t\t\t<div class=\"elementor-element elementor-element-d25cea7 elementor-widget elementor-widget-wp-widget-media_audio\" data-id=\"d25cea7\" data-element_type=\"widget\" data-widget_type=\"wp-widget-media_audio.default\">\n\t\t\t\t<div class=\"elementor-widget-container\">\n\t\t\t\t\t<h5>Jezus Zbawiciel<\/h5><audio class=\"wp-audio-shortcode\" id=\"audio-6099-4\" preload=\"none\" style=\"width: 100%;\" controls=\"controls\"><source type=\"audio\/mpeg\" src=\"http:\/\/www.rozalia-zagnansk.pl\/wp-content\/uploads\/2024\/05\/Jezus-Zbawiciel.m4a?_=4\" \/><source type=\"audio\/mpeg\" src=\"http:\/\/www.rozalia-zagnansk.pl\/wp-content\/uploads\/2024\/05\/Jezus-Zbawiciel.m4a?_=4\" \/><a href=\"http:\/\/www.rozalia-zagnansk.pl\/wp-content\/uploads\/2024\/05\/Jezus-Zbawiciel.m4a\">http:\/\/www.rozalia-zagnansk.pl\/wp-content\/uploads\/2024\/05\/Jezus-Zbawiciel.m4a<\/a><\/audio>\t\t\t\t<\/div>\n\t\t\t\t<\/div>\n\t\t\t\t\t<\/div>\n\t\t<\/div>\n\t\t\t\t\t<\/div>\n\t\t<\/section>\n\t\t\t\t<section class=\"elementor-section elementor-top-section elementor-element elementor-element-662410d elementor-section-boxed elementor-section-height-default elementor-section-height-default\" data-id=\"662410d\" data-element_type=\"section\">\n\t\t\t\t\t\t<div class=\"elementor-container elementor-column-gap-default\">\n\t\t\t\t\t<div class=\"elementor-column elementor-col-100 elementor-top-column elementor-element elementor-element-f24656e\" data-id=\"f24656e\" data-element_type=\"column\">\n\t\t\t<div class=\"elementor-widget-wrap elementor-element-populated\">\n\t\t\t\t\t\t<div class=\"elementor-element elementor-element-bebea64 elementor-widget elementor-widget-wp-widget-media_audio\" data-id=\"bebea64\" data-element_type=\"widget\" data-widget_type=\"wp-widget-media_audio.default\">\n\t\t\t\t<div class=\"elementor-widget-container\">\n\t\t\t\t\t<h5>Jezus posy\u0142a Ducha<\/h5><audio class=\"wp-audio-shortcode\" id=\"audio-6099-5\" preload=\"none\" style=\"width: 100%;\" controls=\"controls\"><source type=\"audio\/mpeg\" src=\"http:\/\/www.rozalia-zagnansk.pl\/wp-content\/uploads\/2024\/05\/Jezus-posyla-Ducha.m4a?_=5\" \/><source type=\"audio\/mpeg\" src=\"http:\/\/www.rozalia-zagnansk.pl\/wp-content\/uploads\/2024\/05\/Jezus-posyla-Ducha.m4a?_=5\" \/><a href=\"http:\/\/www.rozalia-zagnansk.pl\/wp-content\/uploads\/2024\/05\/Jezus-posyla-Ducha.m4a\">http:\/\/www.rozalia-zagnansk.pl\/wp-content\/uploads\/2024\/05\/Jezus-posyla-Ducha.m4a<\/a><\/audio>\t\t\t\t<\/div>\n\t\t\t\t<\/div>\n\t\t\t\t\t<\/div>\n\t\t<\/div>\n\t\t\t\t\t<\/div>\n\t\t<\/section>\n\t\t\t\t<section class=\"elementor-section elementor-top-section elementor-element elementor-element-8870f61 elementor-section-boxed elementor-section-height-default elementor-section-height-default\" data-id=\"8870f61\" data-element_type=\"section\">\n\t\t\t\t\t\t<div class=\"elementor-container elementor-column-gap-default\">\n\t\t\t\t\t<div class=\"elementor-column elementor-col-100 elementor-top-column elementor-element elementor-element-5b79889\" data-id=\"5b79889\" data-element_type=\"column\">\n\t\t\t<div class=\"elementor-widget-wrap elementor-element-populated\">\n\t\t\t\t\t\t<div class=\"elementor-element elementor-element-6d689e9 elementor-widget elementor-widget-wp-widget-media_audio\" data-id=\"6d689e9\" data-element_type=\"widget\" data-widget_type=\"wp-widget-media_audio.default\">\n\t\t\t\t<div class=\"elementor-widget-container\">\n\t\t\t\t\t<h5>Duch \u015awi\u0119ty<\/h5><audio class=\"wp-audio-shortcode\" id=\"audio-6099-6\" preload=\"none\" style=\"width: 100%;\" controls=\"controls\"><source type=\"audio\/mpeg\" src=\"http:\/\/www.rozalia-zagnansk.pl\/wp-content\/uploads\/2024\/05\/Duch-Swiety-.m4a?_=6\" \/><source type=\"audio\/mpeg\" src=\"http:\/\/www.rozalia-zagnansk.pl\/wp-content\/uploads\/2024\/05\/Duch-Swiety-.m4a?_=6\" \/><a href=\"http:\/\/www.rozalia-zagnansk.pl\/wp-content\/uploads\/2024\/05\/Duch-Swiety-.m4a\">http:\/\/www.rozalia-zagnansk.pl\/wp-content\/uploads\/2024\/05\/Duch-Swiety-.m4a<\/a><\/audio>\t\t\t\t<\/div>\n\t\t\t\t<\/div>\n\t\t\t\t\t<\/div>\n\t\t<\/div>\n\t\t\t\t\t<\/div>\n\t\t<\/section>\n\t\t\t\t<\/div>\n\t\t ","protected":false},"excerpt":{"rendered":"","protected":false},"author":1,"featured_media":0,"parent":0,"menu_order":0,"comment_status":"closed","ping_status":"closed","template":"","meta":{"_acf_changed":false,"jetpack_post_was_ever_published":false,"footnotes":""},"class_list":["post-6099","page","type-page","status-publish","hentry"],"acf":[],"jetpack_sharing_enabled":true,"jetpack_shortlink":"https:\/\/wp.me\/Paz7cl-1An","_links":{"self":[{"href":"http:\/\/www.rozalia-zagnansk.pl\/index.php?rest_route=\/wp\/v2\/pages\/6099","targetHints":{"allow":["GET"]}}],"collection":[{"href":"http:\/\/www.rozalia-zagnansk.pl\/index.php?rest_route=\/wp\/v2\/pages"}],"about":[{"href":"http:\/\/www.rozalia-zagnansk.pl\/index.php?rest_route=\/wp\/v2\/types\/page"}],"author":[{"embeddable":true,"href":"http:\/\/www.rozalia-zagnansk.pl\/index.php?rest_route=\/wp\/v2\/users\/1"}],"replies":[{"embeddable":true,"href":"http:\/\/www.rozalia-zagnansk.pl\/index.php?rest_route=%2Fwp%2Fv2%2Fcomments&post=6099"}],"version-history":[{"count":16,"href":"http:\/\/www.rozalia-zagnansk.pl\/index.php?rest_route=\/wp\/v2\/pages\/6099\/revisions"}],"predecessor-version":[{"id":6279,"href":"http:\/\/www.rozalia-zagnansk.pl\/index.php?rest_route=\/wp\/v2\/pages\/6099\/revisions\/6279"}],"wp:attachment":[{"href":"http:\/\/www.rozalia-zagnansk.pl\/index.php?rest_route=%2Fwp%2Fv2%2Fmedia&parent=6099"}],"curies":[{"name":"wp","href":"https:\/\/api.w.org\/{rel}","templated":true}]}}