{"id":2115,"date":"2019-11-07T16:25:07","date_gmt":"2019-11-07T16:25:07","guid":{"rendered":"http:\/\/www.rozalia-zagnansk.pl\/?page_id=2115"},"modified":"2019-11-07T18:51:30","modified_gmt":"2019-11-07T18:51:30","slug":"tradycja-kultura-wiara-tmp","status":"publish","type":"page","link":"http:\/\/www.rozalia-zagnansk.pl\/?page_id=2115","title":{"rendered":"Tradycja\/Kultura\/Wiara"},"content":{"rendered":"\t\t<div data-elementor-type=\"wp-page\" data-elementor-id=\"2115\" class=\"elementor elementor-2115\" data-elementor-post-type=\"page\">\n\t\t\t\t\t\t<section class=\"elementor-section elementor-top-section elementor-element elementor-element-5eac31d elementor-section-boxed elementor-section-height-default elementor-section-height-default\" data-id=\"5eac31d\" data-element_type=\"section\">\n\t\t\t\t\t\t<div class=\"elementor-container elementor-column-gap-default\">\n\t\t\t\t\t<div class=\"elementor-column elementor-col-100 elementor-top-column elementor-element elementor-element-aec7dcd\" data-id=\"aec7dcd\" data-element_type=\"column\">\n\t\t\t<div class=\"elementor-widget-wrap elementor-element-populated\">\n\t\t\t\t\t\t<div class=\"elementor-element elementor-element-e672622 elementor-widget elementor-widget-heading\" data-id=\"e672622\" data-element_type=\"widget\" data-widget_type=\"heading.default\">\n\t\t\t\t<div class=\"elementor-widget-container\">\n\t\t\t\t\t<h2 class=\"elementor-heading-title elementor-size-default\">Parafialne spotkania z histori\u0105 i tradycj\u0105<\/h2>\t\t\t\t<\/div>\n\t\t\t\t<\/div>\n\t\t\t\t\t<\/div>\n\t\t<\/div>\n\t\t\t\t\t<\/div>\n\t\t<\/section>\n\t\t\t\t<section class=\"elementor-section elementor-top-section elementor-element elementor-element-6c06c5a elementor-section-boxed elementor-section-height-default elementor-section-height-default\" data-id=\"6c06c5a\" data-element_type=\"section\">\n\t\t\t\t\t\t<div class=\"elementor-container elementor-column-gap-default\">\n\t\t\t\t\t<div class=\"elementor-column elementor-col-100 elementor-top-column elementor-element elementor-element-617dc0c\" data-id=\"617dc0c\" data-element_type=\"column\">\n\t\t\t<div class=\"elementor-widget-wrap elementor-element-populated\">\n\t\t\t\t\t\t<div class=\"elementor-element elementor-element-dc1bc7a elementor-widget elementor-widget-wp-widget-rozalia_historia\" data-id=\"dc1bc7a\" data-element_type=\"widget\" data-widget_type=\"wp-widget-rozalia_historia.default\">\n\t\t\t\t<div class=\"elementor-widget-container\">\n\t\t\t\t\t            <div class=\"row x05_row\">\r\n                <div class=\"x05_list_one\">\r\n                    <h4>\r\n                        <a href=\"http:\/\/www.rozalia-zagnansk.pl\/?p=5091\" title=\"W GMINIE ZAGNA\u0143SK ODDALI\u015aMY HO\u0141D UCZESTNIKOM POWSTANIA STYCZNIOWEGO\" class=\"x05_article_title\">W GMINIE ZAGNA\u0143SK ODDALI\u015aMY HO\u0141D UCZESTNIKOM POWSTANIA STYCZNIOWEGO<\/a>\r\n                    <\/h4>\r\n                    <p>\r\n                        160. rocznica wybuchu powstania styczniowego w naszej Ma\u0142ej Ojczy\u017anie \u2013 to has\u0142o, pod kt\u00f3rym w\u0142\u0105czyli\u015bmy si\u0119 w obchody upami\u0119tniaj\u0105ce bohater\u00f3w walcz\u0105cych o niepodleg\u0142o\u015b\u0107 w XIX wieku.                     <\/p>\r\n                    <a href=\"http:\/\/www.rozalia-zagnansk.pl\/?p=5091\" class=\"x05_button\" role=\"button\">Czytaj ca\u0142o\u015b\u0107<\/a>\r\n                <\/div>\r\n            <\/div>\r\n                        <div class=\"row x05_row\">\r\n                <div class=\"x05_list_one\">\r\n                    <h4>\r\n                        <a href=\"http:\/\/www.rozalia-zagnansk.pl\/?p=2124\" title=\"Zagna\u0144skie obchody 156. rocznicy wybuchu powstania styczniowego\" class=\"x05_article_title\">Zagna\u0144skie obchody 156. rocznicy wybuchu powstania styczniowego<\/a>\r\n                    <\/h4>\r\n                    <p>\r\n                        Wprawdzie w Zagna\u0144sku nie rozegra\u0142a si\u0119 \u017cadna bitwa, to jednak cz\u0119\u015b\u0107 mieszka\u0144c\u00f3w bra\u0142a czynny udzia\u0142 w walkach, za-opatruj\u0105c oddzia\u0142y w \u017cywno\u015b\u0107 i bro\u0144, organizuj\u0105c poczt\u0119 powsta\u0144cz\u0105 i wywiad. Z dost\u0119pnej literatury i \u017ar\u00f3de\u0142 archiwalnych wynika, \u017ce przez oddzia\u0142y \u2013 g\u0142\u00f3wnie Jana Rudowskiego, Dionizego Czachowskiego \u2013 przewin\u0119\u0142o si\u0119 wielu mieszka\u0144c\u00f3w dawnej gminy Samson\u00f3w.                    <\/p>\r\n                    <a href=\"http:\/\/www.rozalia-zagnansk.pl\/?p=2124\" class=\"x05_button\" role=\"button\">Czytaj ca\u0142o\u015b\u0107<\/a>\r\n                <\/div>\r\n            <\/div>\r\n                        <div class=\"row x05_row\">\r\n                <div class=\"x05_list_one\">\r\n                    <h4>\r\n                        <a href=\"http:\/\/www.rozalia-zagnansk.pl\/?p=2156\" title=\"Jan Pawe\u0142 II w naszej wsp\u00f3lnocie parafialnej\" class=\"x05_article_title\">Jan Pawe\u0142 II w naszej wsp\u00f3lnocie parafialnej<\/a>\r\n                    <\/h4>\r\n                    <p>\r\n                        Papie\u017c Jan Pawe\u0142 II pozostawi\u0142 wa\u017cny i trwa\u0142y \u015blad w sercu ka\u017cdego Polaka. W naszej Ma\u0142ej Ojczy\u017anie \u2013 Gminie Zagna\u0144sk tak-\u017ce czujemy obecno\u015b\u0107 Ojca \u015awi\u0119tego. <i>\u201eNiech zst\u0105pi duch Tw\u00f3j i odnowi oblicze ziemi. Tej ziemi!\u201d<\/i> - te s\u0142owa pad\u0142y w Warszawie 40 lat temu. Wybrany rok wcze\u015bniej na Papie\u017ca Jan Pawe\u0142 II rozpocz\u0105\u0142 sw\u0105 pierwsz\u0105 pielgrzymk\u0119 do Polski.                    <\/p>\r\n                    <a href=\"http:\/\/www.rozalia-zagnansk.pl\/?p=2156\" class=\"x05_button\" role=\"button\">Czytaj ca\u0142o\u015b\u0107<\/a>\r\n                <\/div>\r\n            <\/div>\r\n                        <div class=\"row x05_row\">\r\n                <div class=\"x05_list_one\">\r\n                    <h4>\r\n                        <a href=\"http:\/\/www.rozalia-zagnansk.pl\/?p=2164\" title=\"W parafii pw. \u015bw. Rozalii i \u015bw. Marcina w Zagna\u0144sku oddano ho\u0142d \u017co\u0142nierzom Armii Krajowej\" class=\"x05_article_title\">W parafii pw. \u015bw. Rozalii i \u015bw. Marcina w Zagna\u0144sku oddano ho\u0142d \u017co\u0142nierzom Armii Krajowej<\/a>\r\n                    <\/h4>\r\n                    <p>\r\n                        15 sierpnia w parafii pw. \u015bw. Rozalii i \u015bw. Marcina licznie zgromadzeni mieszka\u0144cy i go\u015bcie modlili si\u0119 w intencji Ojczyzny oraz Bohater\u00f3w \u2013 \u017bo\u0142nierzy Armii Krajowej, kt\u00f3rzy 75 lat temu wyruszyli z Zagna\u0144ska \u2013 Siode\u0142 na pomoc walcz\u0105cej Warszawie.                    <\/p>\r\n                    <a href=\"http:\/\/www.rozalia-zagnansk.pl\/?p=2164\" class=\"x05_button\" role=\"button\">Czytaj ca\u0142o\u015b\u0107<\/a>\r\n                <\/div>\r\n            <\/div>\r\n                        <div class=\"row x05_row\">\r\n                <div class=\"x05_list_one\">\r\n                    <h4>\r\n                        <a href=\"http:\/\/www.rozalia-zagnansk.pl\/?p=2191\" title=\"Zagna\u0144skie obchody 80. rocznicy wybuchu II wojny \u015bwiatowej\" class=\"x05_article_title\">Zagna\u0144skie obchody 80. rocznicy wybuchu II wojny \u015bwiatowej<\/a>\r\n                    <\/h4>\r\n                    <p>\r\n                        W zwi\u0105zku z obchodami 80. rocznicy wybuchu II wojny \u015bwiatowej pragniemy przybli\u017cy\u0107 wydarzenia zwi\u0105zane z wojn\u0105 obronn\u0105, histori\u0105 naszego ko\u015bcio\u0142a i genez\u0105 powstania pomnika na mogile \u017co\u0142nierzy polskich poleg\u0142ych na ziemi zagna\u0144skiej we wrze\u015bniu 1939 r.<br \/>\r\nNajtrwalszym symbolem pami\u0119ci o wydarzeniach II wojny \u015bwiatowej jest nasza \u015bwi\u0105tynia. Na uwag\u0119 zas\u0142uguje przyrzeczenie z\u0142o\u017cone w okupacji przez wiernych i ksi\u0119dza Jana Kurczaba zapisane w dokumentach parafii \u201eKsi\u0105dz proboszcz razem z ludno\u015bci\u0105 podj\u0119li wotum, \u017ce je\u017celi prze\u017cyj\u0105 szcz\u0119\u015bliwie wojn\u0119, wybuduj\u0105 nowy ko\u015bci\u00f3\u0142 odpowiadaj\u0105cy powierzchni\u0105 do potrzeb ilo\u015bci parafian\u201d.                    <\/p>\r\n                    <a href=\"http:\/\/www.rozalia-zagnansk.pl\/?p=2191\" class=\"x05_button\" role=\"button\">Czytaj ca\u0142o\u015b\u0107<\/a>\r\n                <\/div>\r\n            <\/div>\r\n                        <div class=\"row x05_row\">\r\n                <div class=\"x05_list_one\">\r\n                    <h4>\r\n                        <a href=\"http:\/\/www.rozalia-zagnansk.pl\/?p=2211\" title=\"Droga do niepodleg\u0142o\u015bci mieszka\u0144c\u00f3w Zagna\u0144ska Obchody Narodowego \u015awi\u0119ta Niepodleg\u0142o\u015bci\" class=\"x05_article_title\">Droga do niepodleg\u0142o\u015bci mieszka\u0144c\u00f3w Zagna\u0144ska Obchody Narodowego \u015awi\u0119ta Niepodleg\u0142o\u015bci<\/a>\r\n                    <\/h4>\r\n                    <p>\r\n                        <i>\u201eDzia\u0142o si\u0119 w Zagna\u0144sku dnia 11 listopada 1928 r. w 10. rocznic\u0119 odzyskania niepodleg\u0142o\u015bci, kiedy na stolicy Piotrowej zasiada\u0142 Papie\u017c Pius XI. Prezydentem Rzeczypospolitej Polskiej by\u0142 Ignacy Mo\u015bcicki \u2013 si\u0142om za\u015b zbrojnym narodu przewodzi\u0142 Marsza\u0142ek Polski J\u00f3zef Pi\u0142sudski.\u201d<\/i>                    <\/p>\r\n                    <a href=\"http:\/\/www.rozalia-zagnansk.pl\/?p=2211\" class=\"x05_button\" role=\"button\">Czytaj ca\u0142o\u015b\u0107<\/a>\r\n                <\/div>\r\n            <\/div>\r\n                        <div class=\"row x05_row\">\r\n                <div class=\"x05_list_one\">\r\n                    <h4>\r\n                        <a href=\"http:\/\/www.rozalia-zagnansk.pl\/?p=2218\" title=\"Uczyli, aby ocali\u0107 narodow\u0105 to\u017csamo\u015b\u0107  80. rocznica powstania Tajnej Organizacji Nauczycielskiej\" class=\"x05_article_title\">Uczyli, aby ocali\u0107 narodow\u0105 to\u017csamo\u015b\u0107  80. rocznica powstania Tajnej Organizacji Nauczycielskiej<\/a>\r\n                    <\/h4>\r\n                    <p>\r\n                        1 wrze\u015bnia 1939 r. zapocz\u0105tkowa\u0142 jeden z najbardziej dramatycznych okres\u00f3w w historii narodu polskiego. Rozpocz\u0119\u0142a si\u0119 groza okupacyjnego \u017cycia, walka o fizyczne i duchowe przetrwanie. Dla dzieci i m\u0142odzie\u017cy przyni\u00f3s\u0142 przerwanie edukacji, odebranie mo\u017cliwo\u015bci zdobywania wiedzy.<br \/>\r\nW czasie okupacji na terenie Zagna\u0144ska prowadzono tajne nauczanie na poziomie szko\u0142y powszechnej, gimnazjum oraz kursy o charakterze wojskowym.                    <\/p>\r\n                    <a href=\"http:\/\/www.rozalia-zagnansk.pl\/?p=2218\" class=\"x05_button\" role=\"button\">Czytaj ca\u0142o\u015b\u0107<\/a>\r\n                <\/div>\r\n            <\/div>\r\n            \t\t\t\t<\/div>\n\t\t\t\t<\/div>\n\t\t\t\t\t<\/div>\n\t\t<\/div>\n\t\t\t\t\t<\/div>\n\t\t<\/section>\n\t\t\t\t<\/div>\n\t\t ","protected":false},"excerpt":{"rendered":"<p>Parafialne spotkania z histori\u0105 i tradycj\u0105<\/p>\n","protected":false},"author":1,"featured_media":0,"parent":0,"menu_order":0,"comment_status":"closed","ping_status":"closed","template":"","meta":{"_acf_changed":false,"jetpack_post_was_ever_published":false,"footnotes":""},"class_list":["post-2115","page","type-page","status-publish","hentry"],"acf":[],"jetpack_sharing_enabled":true,"jetpack_shortlink":"https:\/\/wp.me\/Paz7cl-y7","_links":{"self":[{"href":"http:\/\/www.rozalia-zagnansk.pl\/index.php?rest_route=\/wp\/v2\/pages\/2115","targetHints":{"allow":["GET"]}}],"collection":[{"href":"http:\/\/www.rozalia-zagnansk.pl\/index.php?rest_route=\/wp\/v2\/pages"}],"about":[{"href":"http:\/\/www.rozalia-zagnansk.pl\/index.php?rest_route=\/wp\/v2\/types\/page"}],"author":[{"embeddable":true,"href":"http:\/\/www.rozalia-zagnansk.pl\/index.php?rest_route=\/wp\/v2\/users\/1"}],"replies":[{"embeddable":true,"href":"http:\/\/www.rozalia-zagnansk.pl\/index.php?rest_route=%2Fwp%2Fv2%2Fcomments&post=2115"}],"version-history":[{"count":8,"href":"http:\/\/www.rozalia-zagnansk.pl\/index.php?rest_route=\/wp\/v2\/pages\/2115\/revisions"}],"predecessor-version":[{"id":2159,"href":"http:\/\/www.rozalia-zagnansk.pl\/index.php?rest_route=\/wp\/v2\/pages\/2115\/revisions\/2159"}],"wp:attachment":[{"href":"http:\/\/www.rozalia-zagnansk.pl\/index.php?rest_route=%2Fwp%2Fv2%2Fmedia&parent=2115"}],"curies":[{"name":"wp","href":"https:\/\/api.w.org\/{rel}","templated":true}]}}

<div data-elementor-type="wp-page" data-elementor-id="2115" class="elementor elementor-2115" data-elementor-post-type="page">
						<section class="elementor-section elementor-top-section elementor-element elementor-element-5eac31d elementor-section-boxed elementor-section-height-default elementor-section-height-default" data-id="5eac31d" data-element_type="section">
						<div class="elementor-container elementor-column-gap-default">
					<div class="elementor-column elementor-col-100 elementor-top-column elementor-element elementor-element-aec7dcd" data-id="aec7dcd" data-element_type="column">
			<div class="elementor-widget-wrap elementor-element-populated">
						<div class="elementor-element elementor-element-e672622 elementor-widget elementor-widget-heading" data-id="e672622" data-element_type="widget" data-widget_type="heading.default">
				<div class="elementor-widget-container">
					<h2 class="elementor-heading-title elementor-size-default">Parafialne spotkania z historią i tradycją</h2>				</div>
				</div>
					</div>
		</div>
					</div>
		</section>
				<section class="elementor-section elementor-top-section elementor-element elementor-element-6c06c5a elementor-section-boxed elementor-section-height-default elementor-section-height-default" data-id="6c06c5a" data-element_type="section">
						<div class="elementor-container elementor-column-gap-default">
					<div class="elementor-column elementor-col-100 elementor-top-column elementor-element elementor-element-617dc0c" data-id="617dc0c" data-element_type="column">
			<div class="elementor-widget-wrap elementor-element-populated">
						<div class="elementor-element elementor-element-dc1bc7a elementor-widget elementor-widget-wp-widget-rozalia_historia" data-id="dc1bc7a" data-element_type="widget" data-widget_type="wp-widget-rozalia_historia.default">
				<div class="elementor-widget-container">
					            <div class="row x05_row">
                <div class="x05_list_one">
                    <h4>
                        <a href="http://www.rozalia-zagnansk.pl/?p=5091" title="W GMINIE ZAGNAŃSK ODDALIŚMY HOŁD UCZESTNIKOM POWSTANIA STYCZNIOWEGO" class="x05_article_title">W GMINIE ZAGNAŃSK ODDALIŚMY HOŁD UCZESTNIKOM POWSTANIA STYCZNIOWEGO</a>
                    </h4>
                    <p>
                        160. rocznica wybuchu powstania styczniowego w naszej Małej Ojczyźnie – to hasło, pod którym włączyliśmy się w obchody upamiętniające bohaterów walczących o niepodległość w XIX wieku.                     </p>
                    <a href="http://www.rozalia-zagnansk.pl/?p=5091" class="x05_button" role="button">Czytaj całość</a>
                </div>
            </div>
                        <div class="row x05_row">
                <div class="x05_list_one">
                    <h4>
                        <a href="http://www.rozalia-zagnansk.pl/?p=2124" title="Zagnańskie obchody 156. rocznicy wybuchu powstania styczniowego" class="x05_article_title">Zagnańskie obchody 156. rocznicy wybuchu powstania styczniowego</a>
                    </h4>
                    <p>
                        Wprawdzie w Zagnańsku nie rozegrała się żadna bitwa, to jednak część mieszkańców brała czynny udział w walkach, za-opatrując oddziały w żywność i broń, organizując pocztę powstańczą i wywiad. Z dostępnej literatury i źródeł archiwalnych wynika, że przez oddziały – głównie Jana Rudowskiego, Dionizego Czachowskiego – przewinęło się wielu mieszkańców dawnej gminy Samsonów.                    </p>
                    <a href="http://www.rozalia-zagnansk.pl/?p=2124" class="x05_button" role="button">Czytaj całość</a>
                </div>
            </div>
                        <div class="row x05_row">
                <div class="x05_list_one">
                    <h4>
                        <a href="http://www.rozalia-zagnansk.pl/?p=2156" title="Jan Paweł II w naszej wspólnocie parafialnej" class="x05_article_title">Jan Paweł II w naszej wspólnocie parafialnej</a>
                    </h4>
                    <p>
                        Papież Jan Paweł II pozostawił ważny i trwały ślad w sercu każdego Polaka. W naszej Małej Ojczyźnie – Gminie Zagnańsk tak-że czujemy obecność Ojca Świętego. <i>„Niech zstąpi duch Twój i odnowi oblicze ziemi. Tej ziemi!”</i> - te słowa padły w Warszawie 40 lat temu. Wybrany rok wcześniej na Papieża Jan Paweł II rozpoczął swą pierwszą pielgrzymkę do Polski.                    </p>
                    <a href="http://www.rozalia-zagnansk.pl/?p=2156" class="x05_button" role="button">Czytaj całość</a>
                </div>
            </div>
                        <div class="row x05_row">
                <div class="x05_list_one">
                    <h4>
                        <a href="http://www.rozalia-zagnansk.pl/?p=2164" title="W parafii pw. św. Rozalii i św. Marcina w Zagnańsku oddano hołd żołnierzom Armii Krajowej" class="x05_article_title">W parafii pw. św. Rozalii i św. Marcina w Zagnańsku oddano hołd żołnierzom Armii Krajowej</a>
                    </h4>
                    <p>
                        15 sierpnia w parafii pw. św. Rozalii i św. Marcina licznie zgromadzeni mieszkańcy i goście modlili się w intencji Ojczyzny oraz Bohaterów – Żołnierzy Armii Krajowej, którzy 75 lat temu wyruszyli z Zagnańska – Siodeł na pomoc walczącej Warszawie.                    </p>
                    <a href="http://www.rozalia-zagnansk.pl/?p=2164" class="x05_button" role="button">Czytaj całość</a>
                </div>
            </div>
                        <div class="row x05_row">
                <div class="x05_list_one">
                    <h4>
                        <a href="http://www.rozalia-zagnansk.pl/?p=2191" title="Zagnańskie obchody 80. rocznicy wybuchu II wojny światowej" class="x05_article_title">Zagnańskie obchody 80. rocznicy wybuchu II wojny światowej</a>
                    </h4>
                    <p>
                        W związku z obchodami 80. rocznicy wybuchu II wojny światowej pragniemy przybliżyć wydarzenia związane z wojną obronną, historią naszego kościoła i genezą powstania pomnika na mogile żołnierzy polskich poległych na ziemi zagnańskiej we wrześniu 1939 r.<br />
Najtrwalszym symbolem pamięci o wydarzeniach II wojny światowej jest nasza świątynia. Na uwagę zasługuje przyrzeczenie złożone w okupacji przez wiernych i księdza Jana Kurczaba zapisane w dokumentach parafii „Ksiądz proboszcz razem z ludnością podjęli wotum, że jeżeli przeżyją szczęśliwie wojnę, wybudują nowy kościół odpowiadający powierzchnią do potrzeb ilości parafian”.                    </p>
                    <a href="http://www.rozalia-zagnansk.pl/?p=2191" class="x05_button" role="button">Czytaj całość</a>
                </div>
            </div>
                        <div class="row x05_row">
                <div class="x05_list_one">
                    <h4>
                        <a href="http://www.rozalia-zagnansk.pl/?p=2211" title="Droga do niepodległości mieszkańców Zagnańska Obchody Narodowego Święta Niepodległości" class="x05_article_title">Droga do niepodległości mieszkańców Zagnańska Obchody Narodowego Święta Niepodległości</a>
                    </h4>
                    <p>
                        <i>„Działo się w Zagnańsku dnia 11 listopada 1928 r. w 10. rocznicę odzyskania niepodległości, kiedy na stolicy Piotrowej zasiadał Papież Pius XI. Prezydentem Rzeczypospolitej Polskiej był Ignacy Mościcki – siłom zaś zbrojnym narodu przewodził Marszałek Polski Józef Piłsudski.”</i>                    </p>
                    <a href="http://www.rozalia-zagnansk.pl/?p=2211" class="x05_button" role="button">Czytaj całość</a>
                </div>
            </div>
                        <div class="row x05_row">
                <div class="x05_list_one">
                    <h4>
                        <a href="http://www.rozalia-zagnansk.pl/?p=2218" title="Uczyli, aby ocalić narodową tożsamość  80. rocznica powstania Tajnej Organizacji Nauczycielskiej" class="x05_article_title">Uczyli, aby ocalić narodową tożsamość  80. rocznica powstania Tajnej Organizacji Nauczycielskiej</a>
                    </h4>
                    <p>
                        1 września 1939 r. zapoczątkował jeden z najbardziej dramatycznych okresów w historii narodu polskiego. Rozpoczęła się groza okupacyjnego życia, walka o fizyczne i duchowe przetrwanie. Dla dzieci i młodzieży przyniósł przerwanie edukacji, odebranie możliwości zdobywania wiedzy.<br />
W czasie okupacji na terenie Zagnańska prowadzono tajne nauczanie na poziomie szkoły powszechnej, gimnazjum oraz kursy o charakterze wojskowym.                    </p>
                    <a href="http://www.rozalia-zagnansk.pl/?p=2218" class="x05_button" role="button">Czytaj całość</a>
                </div>
            </div>
            				</div>
				</div>
					</div>
		</div>
					</div>
		</section>
				</div>

<p>Parafialne spotkania z historią i tradycją</p>
