{"id":1639,"date":"2019-08-30T20:12:14","date_gmt":"2019-08-30T20:12:14","guid":{"rendered":"http:\/\/www.rozalia-zagnansk.pl\/?page_id=1639"},"modified":"2019-08-30T20:13:44","modified_gmt":"2019-08-30T20:13:44","slug":"galeria","status":"publish","type":"page","link":"http:\/\/www.rozalia-zagnansk.pl\/?page_id=1639","title":{"rendered":"Galeria"},"content":{"rendered":"\t\t<div data-elementor-type=\"wp-post\" data-elementor-id=\"1639\" class=\"elementor elementor-1639\" data-elementor-post-type=\"page\">\n\t\t\t\t\t\t<section class=\"elementor-section elementor-top-section elementor-element elementor-element-f9f067e elementor-section-boxed elementor-section-height-default elementor-section-height-default\" data-id=\"f9f067e\" data-element_type=\"section\">\n\t\t\t\t\t\t<div class=\"elementor-container elementor-column-gap-default\">\n\t\t\t\t\t<div class=\"elementor-column elementor-col-100 elementor-top-column elementor-element elementor-element-be1f907\" data-id=\"be1f907\" data-element_type=\"column\">\n\t\t\t<div class=\"elementor-widget-wrap elementor-element-populated\">\n\t\t\t\t\t\t<div class=\"elementor-element elementor-element-d637f12 elementor-widget elementor-widget-wp-widget-rozalia_galeria\" data-id=\"d637f12\" data-element_type=\"widget\" data-widget_type=\"wp-widget-rozalia_galeria.default\">\n\t\t\t\t<div class=\"elementor-widget-container\">\n\t\t\t\t\t<div class=\"row rozalia-galeria\">                <div class=\"row rozalia-galeria-single\">\r\n                    <div class=\"col-md-4 rozalia-galeria-single-img\">\r\n                        <a href=\"http:\/\/www.rozalia-zagnansk.pl\/?p=7235\" title=\"Odpust \u015aw. Rozalii 2025\">\r\n                        <img fetchpriority=\"high\" decoding=\"async\" width=\"350\" height=\"233\" src=\"http:\/\/www.rozalia-zagnansk.pl\/wp-content\/uploads\/2025\/09\/147A9015.jpg\" class=\"attachment-350x350 size-350x350 wp-post-image\" alt=\"\" srcset=\"http:\/\/www.rozalia-zagnansk.pl\/wp-content\/uploads\/2025\/09\/147A9015.jpg 1620w, http:\/\/www.rozalia-zagnansk.pl\/wp-content\/uploads\/2025\/09\/147A9015-300x200.jpg 300w, http:\/\/www.rozalia-zagnansk.pl\/wp-content\/uploads\/2025\/09\/147A9015-1024x683.jpg 1024w, http:\/\/www.rozalia-zagnansk.pl\/wp-content\/uploads\/2025\/09\/147A9015-768x512.jpg 768w, http:\/\/www.rozalia-zagnansk.pl\/wp-content\/uploads\/2025\/09\/147A9015-1536x1024.jpg 1536w, http:\/\/www.rozalia-zagnansk.pl\/wp-content\/uploads\/2025\/09\/147A9015-1000x667.jpg 1000w, http:\/\/www.rozalia-zagnansk.pl\/wp-content\/uploads\/2025\/09\/147A9015-230x153.jpg 230w, http:\/\/www.rozalia-zagnansk.pl\/wp-content\/uploads\/2025\/09\/147A9015-350x233.jpg 350w, http:\/\/www.rozalia-zagnansk.pl\/wp-content\/uploads\/2025\/09\/147A9015-480x320.jpg 480w\" sizes=\"(max-width: 350px) 100vw, 350px\" \/>                        <\/a>\r\n                    <\/div>\r\n                    <div class=\"col-md-8 rozalia-galeria-single-title\">\r\n                        <h2><a href=\"http:\/\/www.rozalia-zagnansk.pl\/?p=7235\" title=\"Odpust \u015aw. Rozalii 2025\">Odpust \u015aw. Rozalii 2025<\/a><\/h2>\r\n                        <span class=\"posted-date\">2025-09-09<\/span>\r\n                    <\/div>\r\n                <\/div>\r\n                            <div class=\"row rozalia-galeria-single\">\r\n                    <div class=\"col-md-4 rozalia-galeria-single-img\">\r\n                        <a href=\"http:\/\/www.rozalia-zagnansk.pl\/?p=6774\" title=\"Gminne Obchody Narodowego \u015awi\u0119ta Niepodleg\u0142o\u015bci 2024\">\r\n                        <img decoding=\"async\" width=\"350\" height=\"263\" src=\"http:\/\/www.rozalia-zagnansk.pl\/wp-content\/uploads\/2024\/11\/1000028231.jpg\" class=\"attachment-350x350 size-350x350 wp-post-image\" alt=\"\" srcset=\"http:\/\/www.rozalia-zagnansk.pl\/wp-content\/uploads\/2024\/11\/1000028231.jpg 1600w, http:\/\/www.rozalia-zagnansk.pl\/wp-content\/uploads\/2024\/11\/1000028231-300x226.jpg 300w, http:\/\/www.rozalia-zagnansk.pl\/wp-content\/uploads\/2024\/11\/1000028231-1024x771.jpg 1024w, http:\/\/www.rozalia-zagnansk.pl\/wp-content\/uploads\/2024\/11\/1000028231-768x578.jpg 768w, http:\/\/www.rozalia-zagnansk.pl\/wp-content\/uploads\/2024\/11\/1000028231-1536x1156.jpg 1536w, http:\/\/www.rozalia-zagnansk.pl\/wp-content\/uploads\/2024\/11\/1000028231-1000x753.jpg 1000w, http:\/\/www.rozalia-zagnansk.pl\/wp-content\/uploads\/2024\/11\/1000028231-230x173.jpg 230w, http:\/\/www.rozalia-zagnansk.pl\/wp-content\/uploads\/2024\/11\/1000028231-350x263.jpg 350w, http:\/\/www.rozalia-zagnansk.pl\/wp-content\/uploads\/2024\/11\/1000028231-480x361.jpg 480w\" sizes=\"(max-width: 350px) 100vw, 350px\" \/>                        <\/a>\r\n                    <\/div>\r\n                    <div class=\"col-md-8 rozalia-galeria-single-title\">\r\n                        <h2><a href=\"http:\/\/www.rozalia-zagnansk.pl\/?p=6774\" title=\"Gminne Obchody Narodowego \u015awi\u0119ta Niepodleg\u0142o\u015bci 2024\">Gminne Obchody Narodowego \u015awi\u0119ta Niepodleg\u0142o\u015bci 2024<\/a><\/h2>\r\n                        <span class=\"posted-date\">2024-11-17<\/span>\r\n                    <\/div>\r\n                <\/div>\r\n                            <div class=\"row rozalia-galeria-single\">\r\n                    <div class=\"col-md-4 rozalia-galeria-single-img\">\r\n                        <a href=\"http:\/\/www.rozalia-zagnansk.pl\/?p=6504\" title=\"Odpust \u015aw. Rozalii 2024\">\r\n                        <img decoding=\"async\" width=\"233\" height=\"350\" src=\"http:\/\/www.rozalia-zagnansk.pl\/wp-content\/uploads\/2024\/09\/DSC_0621-1.jpg\" class=\"attachment-350x350 size-350x350 wp-post-image\" alt=\"\" srcset=\"http:\/\/www.rozalia-zagnansk.pl\/wp-content\/uploads\/2024\/09\/DSC_0621-1.jpg 1080w, http:\/\/www.rozalia-zagnansk.pl\/wp-content\/uploads\/2024\/09\/DSC_0621-1-200x300.jpg 200w, http:\/\/www.rozalia-zagnansk.pl\/wp-content\/uploads\/2024\/09\/DSC_0621-1-683x1024.jpg 683w, http:\/\/www.rozalia-zagnansk.pl\/wp-content\/uploads\/2024\/09\/DSC_0621-1-768x1152.jpg 768w, http:\/\/www.rozalia-zagnansk.pl\/wp-content\/uploads\/2024\/09\/DSC_0621-1-1024x1536.jpg 1024w, http:\/\/www.rozalia-zagnansk.pl\/wp-content\/uploads\/2024\/09\/DSC_0621-1-1000x1500.jpg 1000w, http:\/\/www.rozalia-zagnansk.pl\/wp-content\/uploads\/2024\/09\/DSC_0621-1-230x345.jpg 230w, http:\/\/www.rozalia-zagnansk.pl\/wp-content\/uploads\/2024\/09\/DSC_0621-1-350x525.jpg 350w, http:\/\/www.rozalia-zagnansk.pl\/wp-content\/uploads\/2024\/09\/DSC_0621-1-480x720.jpg 480w\" sizes=\"(max-width: 233px) 100vw, 233px\" \/>                        <\/a>\r\n                    <\/div>\r\n                    <div class=\"col-md-8 rozalia-galeria-single-title\">\r\n                        <h2><a href=\"http:\/\/www.rozalia-zagnansk.pl\/?p=6504\" title=\"Odpust \u015aw. Rozalii 2024\">Odpust \u015aw. Rozalii 2024<\/a><\/h2>\r\n                        <span class=\"posted-date\">2024-09-21<\/span>\r\n                    <\/div>\r\n                <\/div>\r\n                            <div class=\"row rozalia-galeria-single\">\r\n                    <div class=\"col-md-4 rozalia-galeria-single-img\">\r\n                        <a href=\"http:\/\/www.rozalia-zagnansk.pl\/?p=5391\" title=\"03.09.2023 &#8211; Ko\u015bci\u00f3\u0142 nasz dom &#8211; 12. Parafialny Festyn Rodzinny\">\r\n                        <img loading=\"lazy\" decoding=\"async\" width=\"232\" height=\"350\" src=\"http:\/\/www.rozalia-zagnansk.pl\/wp-content\/uploads\/2023\/09\/DSC_0090.jpg\" class=\"attachment-350x350 size-350x350 wp-post-image\" alt=\"\" srcset=\"http:\/\/www.rozalia-zagnansk.pl\/wp-content\/uploads\/2023\/09\/DSC_0090.jpg 1080w, http:\/\/www.rozalia-zagnansk.pl\/wp-content\/uploads\/2023\/09\/DSC_0090-199x300.jpg 199w, http:\/\/www.rozalia-zagnansk.pl\/wp-content\/uploads\/2023\/09\/DSC_0090-680x1024.jpg 680w, http:\/\/www.rozalia-zagnansk.pl\/wp-content\/uploads\/2023\/09\/DSC_0090-768x1156.jpg 768w, http:\/\/www.rozalia-zagnansk.pl\/wp-content\/uploads\/2023\/09\/DSC_0090-1020x1536.jpg 1020w, http:\/\/www.rozalia-zagnansk.pl\/wp-content\/uploads\/2023\/09\/DSC_0090-830x1250.jpg 830w, http:\/\/www.rozalia-zagnansk.pl\/wp-content\/uploads\/2023\/09\/DSC_0090-230x346.jpg 230w, http:\/\/www.rozalia-zagnansk.pl\/wp-content\/uploads\/2023\/09\/DSC_0090-350x527.jpg 350w, http:\/\/www.rozalia-zagnansk.pl\/wp-content\/uploads\/2023\/09\/DSC_0090-480x723.jpg 480w\" sizes=\"(max-width: 232px) 100vw, 232px\" \/>                        <\/a>\r\n                    <\/div>\r\n                    <div class=\"col-md-8 rozalia-galeria-single-title\">\r\n                        <h2><a href=\"http:\/\/www.rozalia-zagnansk.pl\/?p=5391\" title=\"03.09.2023 &#8211; Ko\u015bci\u00f3\u0142 nasz dom &#8211; 12. Parafialny Festyn Rodzinny\">03.09.2023 &#8211; Ko\u015bci\u00f3\u0142 nasz dom &#8211; 12. Parafialny Festyn Rodzinny<\/a><\/h2>\r\n                        <span class=\"posted-date\">2023-09-09<\/span>\r\n                    <\/div>\r\n                <\/div>\r\n                            <div class=\"row rozalia-galeria-single\">\r\n                    <div class=\"col-md-4 rozalia-galeria-single-img\">\r\n                        <a href=\"http:\/\/www.rozalia-zagnansk.pl\/?p=5623\" title=\"02.09.2023 &#8211; Ekumeniczny koncert w Zagna\u0144sku\">\r\n                        <img loading=\"lazy\" decoding=\"async\" width=\"350\" height=\"325\" src=\"http:\/\/www.rozalia-zagnansk.pl\/wp-content\/uploads\/2023\/09\/3406A3D4-EEF5-4DEC-B862-251CEA6FA107-1.jpg\" class=\"attachment-350x350 size-350x350 wp-post-image\" alt=\"\" srcset=\"http:\/\/www.rozalia-zagnansk.pl\/wp-content\/uploads\/2023\/09\/3406A3D4-EEF5-4DEC-B862-251CEA6FA107-1.jpg 763w, http:\/\/www.rozalia-zagnansk.pl\/wp-content\/uploads\/2023\/09\/3406A3D4-EEF5-4DEC-B862-251CEA6FA107-1-300x279.jpg 300w, http:\/\/www.rozalia-zagnansk.pl\/wp-content\/uploads\/2023\/09\/3406A3D4-EEF5-4DEC-B862-251CEA6FA107-1-230x214.jpg 230w, http:\/\/www.rozalia-zagnansk.pl\/wp-content\/uploads\/2023\/09\/3406A3D4-EEF5-4DEC-B862-251CEA6FA107-1-350x325.jpg 350w, http:\/\/www.rozalia-zagnansk.pl\/wp-content\/uploads\/2023\/09\/3406A3D4-EEF5-4DEC-B862-251CEA6FA107-1-480x446.jpg 480w\" sizes=\"(max-width: 350px) 100vw, 350px\" \/>                        <\/a>\r\n                    <\/div>\r\n                    <div class=\"col-md-8 rozalia-galeria-single-title\">\r\n                        <h2><a href=\"http:\/\/www.rozalia-zagnansk.pl\/?p=5623\" title=\"02.09.2023 &#8211; Ekumeniczny koncert w Zagna\u0144sku\">02.09.2023 &#8211; Ekumeniczny koncert w Zagna\u0144sku<\/a><\/h2>\r\n                        <span class=\"posted-date\">2023-09-09<\/span>\r\n                    <\/div>\r\n                <\/div>\r\n                            <div class=\"row rozalia-galeria-single\">\r\n                    <div class=\"col-md-4 rozalia-galeria-single-img\">\r\n                        <a href=\"http:\/\/www.rozalia-zagnansk.pl\/?p=5621\" title=\"01.09.2023 &#8211; OBCHODY 84. ROCZNICY WYBUCHU II WOJNY \u015aWIATOWEJ W ZAGNA\u0143SKU\">\r\n                        <img loading=\"lazy\" decoding=\"async\" width=\"350\" height=\"233\" src=\"http:\/\/www.rozalia-zagnansk.pl\/wp-content\/uploads\/2023\/09\/IMG_0196.jpg\" class=\"attachment-350x350 size-350x350 wp-post-image\" alt=\"\" srcset=\"http:\/\/www.rozalia-zagnansk.pl\/wp-content\/uploads\/2023\/09\/IMG_0196.jpg 1620w, http:\/\/www.rozalia-zagnansk.pl\/wp-content\/uploads\/2023\/09\/IMG_0196-300x200.jpg 300w, http:\/\/www.rozalia-zagnansk.pl\/wp-content\/uploads\/2023\/09\/IMG_0196-1024x683.jpg 1024w, http:\/\/www.rozalia-zagnansk.pl\/wp-content\/uploads\/2023\/09\/IMG_0196-768x512.jpg 768w, http:\/\/www.rozalia-zagnansk.pl\/wp-content\/uploads\/2023\/09\/IMG_0196-1536x1024.jpg 1536w, http:\/\/www.rozalia-zagnansk.pl\/wp-content\/uploads\/2023\/09\/IMG_0196-830x553.jpg 830w, http:\/\/www.rozalia-zagnansk.pl\/wp-content\/uploads\/2023\/09\/IMG_0196-230x153.jpg 230w, http:\/\/www.rozalia-zagnansk.pl\/wp-content\/uploads\/2023\/09\/IMG_0196-350x233.jpg 350w, http:\/\/www.rozalia-zagnansk.pl\/wp-content\/uploads\/2023\/09\/IMG_0196-480x320.jpg 480w\" sizes=\"(max-width: 350px) 100vw, 350px\" \/>                        <\/a>\r\n                    <\/div>\r\n                    <div class=\"col-md-8 rozalia-galeria-single-title\">\r\n                        <h2><a href=\"http:\/\/www.rozalia-zagnansk.pl\/?p=5621\" title=\"01.09.2023 &#8211; OBCHODY 84. ROCZNICY WYBUCHU II WOJNY \u015aWIATOWEJ W ZAGNA\u0143SKU\">01.09.2023 &#8211; OBCHODY 84. ROCZNICY WYBUCHU II WOJNY \u015aWIATOWEJ W ZAGNA\u0143SKU<\/a><\/h2>\r\n                        <span class=\"posted-date\">2023-09-09<\/span>\r\n                    <\/div>\r\n                <\/div>\r\n                            <div class=\"row rozalia-galeria-single\">\r\n                    <div class=\"col-md-4 rozalia-galeria-single-img\">\r\n                        <a href=\"http:\/\/www.rozalia-zagnansk.pl\/?p=5352\" title=\"Obchody 79 rocznicy zgrupowania Partyzant\u00f3w w Zagna\u0144sku Siod\u0142ach\">\r\n                        <img loading=\"lazy\" decoding=\"async\" width=\"155\" height=\"206\" src=\"http:\/\/www.rozalia-zagnansk.pl\/wp-content\/uploads\/2023\/08\/3.jpeg\" class=\"attachment-350x350 size-350x350 wp-post-image\" alt=\"\" \/>                        <\/a>\r\n                    <\/div>\r\n                    <div class=\"col-md-8 rozalia-galeria-single-title\">\r\n                        <h2><a href=\"http:\/\/www.rozalia-zagnansk.pl\/?p=5352\" title=\"Obchody 79 rocznicy zgrupowania Partyzant\u00f3w w Zagna\u0144sku Siod\u0142ach\">Obchody 79 rocznicy zgrupowania Partyzant\u00f3w w Zagna\u0144sku Siod\u0142ach<\/a><\/h2>\r\n                        <span class=\"posted-date\">2023-08-19<\/span>\r\n                    <\/div>\r\n                <\/div>\r\n                            <div class=\"row rozalia-galeria-single\">\r\n                    <div class=\"col-md-4 rozalia-galeria-single-img\">\r\n                        <a href=\"http:\/\/www.rozalia-zagnansk.pl\/?p=4735\" title=\"Odpust \u015aw. Rozalii 2022\">\r\n                        <img loading=\"lazy\" decoding=\"async\" width=\"350\" height=\"233\" src=\"http:\/\/www.rozalia-zagnansk.pl\/wp-content\/uploads\/2022\/09\/147A5036.jpg\" class=\"attachment-350x350 size-350x350 wp-post-image\" alt=\"\" srcset=\"http:\/\/www.rozalia-zagnansk.pl\/wp-content\/uploads\/2022\/09\/147A5036.jpg 1620w, http:\/\/www.rozalia-zagnansk.pl\/wp-content\/uploads\/2022\/09\/147A5036-300x200.jpg 300w, http:\/\/www.rozalia-zagnansk.pl\/wp-content\/uploads\/2022\/09\/147A5036-1024x683.jpg 1024w, http:\/\/www.rozalia-zagnansk.pl\/wp-content\/uploads\/2022\/09\/147A5036-768x512.jpg 768w, http:\/\/www.rozalia-zagnansk.pl\/wp-content\/uploads\/2022\/09\/147A5036-1536x1024.jpg 1536w, http:\/\/www.rozalia-zagnansk.pl\/wp-content\/uploads\/2022\/09\/147A5036-830x553.jpg 830w, http:\/\/www.rozalia-zagnansk.pl\/wp-content\/uploads\/2022\/09\/147A5036-230x153.jpg 230w, http:\/\/www.rozalia-zagnansk.pl\/wp-content\/uploads\/2022\/09\/147A5036-350x233.jpg 350w, http:\/\/www.rozalia-zagnansk.pl\/wp-content\/uploads\/2022\/09\/147A5036-480x320.jpg 480w\" sizes=\"(max-width: 350px) 100vw, 350px\" \/>                        <\/a>\r\n                    <\/div>\r\n                    <div class=\"col-md-8 rozalia-galeria-single-title\">\r\n                        <h2><a href=\"http:\/\/www.rozalia-zagnansk.pl\/?p=4735\" title=\"Odpust \u015aw. Rozalii 2022\">Odpust \u015aw. Rozalii 2022<\/a><\/h2>\r\n                        <span class=\"posted-date\">2022-09-08<\/span>\r\n                    <\/div>\r\n                <\/div>\r\n                            <div class=\"row rozalia-galeria-single\">\r\n                    <div class=\"col-md-4 rozalia-galeria-single-img\">\r\n                        <a href=\"http:\/\/www.rozalia-zagnansk.pl\/?p=4191\" title=\"Odpust \u015bw. Marcina i \u015bwi\u0119ta Niepodleg\u0142o\u015bci 2021\">\r\n                        <img decoding=\"async\" src=\"http:\/\/www.rozalia-zagnansk.pl\/wp-content\/plugins\/rozalia-galeria\/img\/default-thumbnail.png\">                        <\/a>\r\n                    <\/div>\r\n                    <div class=\"col-md-8 rozalia-galeria-single-title\">\r\n                        <h2><a href=\"http:\/\/www.rozalia-zagnansk.pl\/?p=4191\" title=\"Odpust \u015bw. Marcina i \u015bwi\u0119ta Niepodleg\u0142o\u015bci 2021\">Odpust \u015bw. Marcina i \u015bwi\u0119ta Niepodleg\u0142o\u015bci 2021<\/a><\/h2>\r\n                        <span class=\"posted-date\">2021-11-27<\/span>\r\n                    <\/div>\r\n                <\/div>\r\n                            <div class=\"row rozalia-galeria-single\">\r\n                    <div class=\"col-md-4 rozalia-galeria-single-img\">\r\n                        <a href=\"http:\/\/www.rozalia-zagnansk.pl\/?p=4062\" title=\"Odpust \u015aw. Rozalii 2021\">\r\n                        <img loading=\"lazy\" decoding=\"async\" width=\"350\" height=\"233\" src=\"http:\/\/www.rozalia-zagnansk.pl\/wp-content\/uploads\/2021\/09\/147A3924.jpg\" class=\"attachment-350x350 size-350x350 wp-post-image\" alt=\"\" srcset=\"http:\/\/www.rozalia-zagnansk.pl\/wp-content\/uploads\/2021\/09\/147A3924.jpg 1620w, http:\/\/www.rozalia-zagnansk.pl\/wp-content\/uploads\/2021\/09\/147A3924-300x200.jpg 300w, http:\/\/www.rozalia-zagnansk.pl\/wp-content\/uploads\/2021\/09\/147A3924-1024x683.jpg 1024w, http:\/\/www.rozalia-zagnansk.pl\/wp-content\/uploads\/2021\/09\/147A3924-768x512.jpg 768w, http:\/\/www.rozalia-zagnansk.pl\/wp-content\/uploads\/2021\/09\/147A3924-1536x1024.jpg 1536w, http:\/\/www.rozalia-zagnansk.pl\/wp-content\/uploads\/2021\/09\/147A3924-830x553.jpg 830w, http:\/\/www.rozalia-zagnansk.pl\/wp-content\/uploads\/2021\/09\/147A3924-230x153.jpg 230w, http:\/\/www.rozalia-zagnansk.pl\/wp-content\/uploads\/2021\/09\/147A3924-350x233.jpg 350w, http:\/\/www.rozalia-zagnansk.pl\/wp-content\/uploads\/2021\/09\/147A3924-480x320.jpg 480w\" sizes=\"(max-width: 350px) 100vw, 350px\" \/>                        <\/a>\r\n                    <\/div>\r\n                    <div class=\"col-md-8 rozalia-galeria-single-title\">\r\n                        <h2><a href=\"http:\/\/www.rozalia-zagnansk.pl\/?p=4062\" title=\"Odpust \u015aw. Rozalii 2021\">Odpust \u015aw. Rozalii 2021<\/a><\/h2>\r\n                        <span class=\"posted-date\">2021-09-11<\/span>\r\n                    <\/div>\r\n                <\/div>\r\n            <\/div>\t\t\t\t<\/div>\n\t\t\t\t<\/div>\n\t\t\t\t\t<\/div>\n\t\t<\/div>\n\t\t\t\t\t<\/div>\n\t\t<\/section>\n\t\t\t\t<\/div>\n\t\t ","protected":false},"excerpt":{"rendered":"","protected":false},"author":1,"featured_media":0,"parent":0,"menu_order":0,"comment_status":"closed","ping_status":"closed","template":"","meta":{"_acf_changed":false,"jetpack_post_was_ever_published":false,"footnotes":""},"class_list":["post-1639","page","type-page","status-publish","hentry"],"acf":[],"jetpack_sharing_enabled":true,"jetpack_shortlink":"https:\/\/wp.me\/Paz7cl-qr","_links":{"self":[{"href":"http:\/\/www.rozalia-zagnansk.pl\/index.php?rest_route=\/wp\/v2\/pages\/1639","targetHints":{"allow":["GET"]}}],"collection":[{"href":"http:\/\/www.rozalia-zagnansk.pl\/index.php?rest_route=\/wp\/v2\/pages"}],"about":[{"href":"http:\/\/www.rozalia-zagnansk.pl\/index.php?rest_route=\/wp\/v2\/types\/page"}],"author":[{"embeddable":true,"href":"http:\/\/www.rozalia-zagnansk.pl\/index.php?rest_route=\/wp\/v2\/users\/1"}],"replies":[{"embeddable":true,"href":"http:\/\/www.rozalia-zagnansk.pl\/index.php?rest_route=%2Fwp%2Fv2%2Fcomments&post=1639"}],"version-history":[{"count":3,"href":"http:\/\/www.rozalia-zagnansk.pl\/index.php?rest_route=\/wp\/v2\/pages\/1639\/revisions"}],"predecessor-version":[{"id":1643,"href":"http:\/\/www.rozalia-zagnansk.pl\/index.php?rest_route=\/wp\/v2\/pages\/1639\/revisions\/1643"}],"wp:attachment":[{"href":"http:\/\/www.rozalia-zagnansk.pl\/index.php?rest_route=%2Fwp%2Fv2%2Fmedia&parent=1639"}],"curies":[{"name":"wp","href":"https:\/\/api.w.org\/{rel}","templated":true}]}}